{"id":809,"date":"2019-06-20T12:07:46","date_gmt":"2019-06-20T10:07:46","guid":{"rendered":"http:\/\/culoz.fr\/dvlpt\/?page_id=809"},"modified":"2023-01-26T14:59:26","modified_gmt":"2023-01-26T13:59:26","slug":"sapeurs-pompiers","status":"publish","type":"page","link":"https:\/\/culoz-beon.fr\/?page_id=809","title":{"rendered":"Sapeurs Pompiers"},"content":{"rendered":"\n<section class=\"wp-block-uagb-section uagb-section__wrap uagb-section__background-image alignfull uagb-block-1627f142\"><div class=\"uagb-section__overlay\"><\/div><div class=\"uagb-section__inner-wrap\">\n\n<h1 class=\"titre-page-bandeau wp-block-heading\">Sapeurs Pompiers<\/h1>\n\n<\/div><\/section>\n\n\n\n<h2 class=\"wp-block-heading\">Le centre de secours<\/h2>\n\n\n\n<p> Les Sapeurs-Pompiers de Culoz-B\u00e9on sont tous volontaires. Ils sont organis\u00e9s en 4 \u00e9quipes et assurent des astreintes \u00e0 tour de r\u00f4le lors des diff\u00e9rents jours de la semaine et des week-end selon un planning \u00e9tabli \u00e0 l&rsquo;avance. Chaque Sapeur-Pompier est \u00e9quip\u00e9 d\u2019un r\u00e9cepteur (BIP). Le CTA (Centre de Traitement des Alertes), situ\u00e9 \u00e0 Bourg-en-Bresse, traite les appels arrivant au 18-112 puis d\u00e9clenche les personnels\u00a0; d\u00e8s lors, les Sapeurs-Pompiers sont mobilisables dans les d\u00e9lais les plus brefs. Le dimanche, l&rsquo;\u00e9quipe d&rsquo;astreinte est pr\u00e9sente \u00e0 la caserne et assure le bon fonctionnement des moyens mis \u00e0 notre disposition, en proc\u00e9dant aux divers essais, entretiens et inventaires ainsi que la formation continue des personnels. <\/p>\n\n\n\n<p> Le centre de secours est aussi pr\u00e9sent lors des c\u00e9r\u00e9monies officielles (8 Mai, 14 Juillet, 11 Novembre&#8230;), en d\u00e9filant et en rendant les honneurs devant le monument aux morts.<br>Il participe \u00e9galement chaque ann\u00e9e au T\u00e9l\u00e9thon.<br>Nous f\u00eatons notre patronne Sainte-Barbe g\u00e9n\u00e9ralement fin novembre \/ d\u00e9but d\u00e9cembre. C\u2019est l\u2019occasion pour nous de recevoir les repr\u00e9sentants des collectivit\u00e9s, des administrations et des associations, pour leur pr\u00e9senter l\u2019activit\u00e9 de notre Centre de Secours et de les rencontrer en dehors de l\u2019urgence, devant le verre de l\u2019amiti\u00e9.<br>A noter que les retrait\u00e9s Sapeurs-Pompiers participent \u00e0 toutes les manifestations non op\u00e9rationnelles du Centre de Secours. <\/p>\n\n\n\n<h4 class=\"wp-block-heading\">V\u00e9hicules et remorques<\/h4>\n\n\n\n<section class=\"wp-block-uagb-columns uagb-columns__wrap uagb-columns__background-undefined uagb-columns__stack-mobile uagb-columns__valign-center uagb-columns__gap-30 alignundefined uagb-block-8f648456\"><div class=\"uagb-columns__overlay\"><\/div><div class=\"uagb-columns__inner-wrap uagb-columns__columns-2\">\n\n<div class=\"wp-block-uagb-column uagb-column__wrap uagb-column__background-undefined uagb-block-8b1da767\"><div class=\"uagb-column__overlay\"><\/div><div class=\"uagb-column__inner-wrap\">\n\n<figure class=\"wp-block-image size-large\"><img decoding=\"async\" src=\"http:\/\/culoz-beon.fr\/services\/img\/caserne.jpg\" alt=\"\"><\/figure>\n\n<\/div><\/div>\n\n\n<div class=\"wp-block-uagb-column uagb-column__wrap uagb-column__background-undefined uagb-block-1f4f952a\"><div class=\"uagb-column__overlay\"><\/div><div class=\"uagb-column__inner-wrap\">\n\n<p> 1 VSAV V\u00e9hicule de Secours et Assistance aux Victimes<br>1 VTU V\u00e9hicule Tout Usage<br>1 FPT Fourgon Pompe Tonne<br>1 VLHR V\u00e9hicule L\u00e9ger Hors Route<br>1 VSM V\u00e9hicule Secours M\u00e9dical<br>1 EMBS Embarcation de Sauvetage<br>1 MPR Moto Pompe de 90 m3\/h<br>1 CCF Camion Citerne Feux de For\u00eats <\/p>\n\n<\/div><\/div>\n\n<\/div><\/section>\n\n\n\n<h2 class=\"wp-block-heading\">L&rsquo;amicale des sapeurs pompiers<\/h2>\n\n\n\n<section class=\"wp-block-uagb-columns uagb-columns__wrap uagb-columns__background-undefined uagb-columns__stack-mobile uagb-columns__valign-center uagb-columns__gap-10 alignundefined uagb-block-a281dd03\"><div class=\"uagb-columns__overlay\"><\/div><div class=\"uagb-columns__inner-wrap uagb-columns__columns-2\">\n\n<div class=\"wp-block-uagb-column uagb-column__wrap uagb-column__background-undefined uagb-block-ff456056\"><div class=\"uagb-column__overlay\"><\/div><div class=\"uagb-column__inner-wrap\">\n\n<div class=\"wp-block-group\"><div class=\"wp-block-group__inner-container is-layout-flow wp-block-group-is-layout-flow\">\n\n<p>\nLes pompiers de Culoz sont depuis de nombreuses ann\u00e9es constitu\u00e9s en association. L\u2019amicale des Sapeurs-Pompiers de Culoz est une association loi 1901, dont les adh\u00e9rents ont tous \u00e9t\u00e9 pompiers un jour.<\/p>\n\n\n<p>Vous connaissez bien cette association qui vous pr\u00e9sente chaque fin d\u2019ann\u00e9e les traditionnels calendriers et qui illumine les rues de la ville avec son d\u00e9sormais c\u00e9l\u00e8bre village de No\u00ebl.<\/p>\n\n\n<p>Actuellement compos\u00e9e de 50 membres, l\u2019amicale est g\u00e9r\u00e9e par un bureau administratif compos\u00e9 de 4 membres et dirig\u00e9 par ses Co-Pr\u00e9sidentes Katerina CHAPMAN et Sarah ROCHAIX. Le but principal de l\u2019amicale est de cr\u00e9er une coh\u00e9sion entre les pompiers du centre de secours et d\u2019am\u00e9liorer le quotidien (am\u00e9nagement du foyer, prise en charge des repas lors des man\u0153uvres, organisation de la sainte barbe etc).<\/p>\n\n\n<p>L\u2019amicale des pompiers de Culoz est \u00e9galement heureuse de partager avec la population des moments forts lors des \u00e9v\u00e8nements qu\u2019elle met en place : T\u00e9l\u00e9thon, journ\u00e9e S\u00e9curit\u00e9-Secours-Sant\u00e9, Initiation aux gestes de secours\u2026<\/p>\n\n\n<p>Nous remercions toutes celles et ceux qui participent \u00e0 nos manifestations, nous permettant de r\u00e9colter des fonds assurant ainsi la p\u00e9rennit\u00e9 de notre objectif. <\/p>\n\n<\/div><\/div>\n\n<\/div><\/div>\n\n\n<div class=\"wp-block-uagb-column uagb-column__wrap uagb-column__background-undefined uagb-block-d26865db\"><div class=\"uagb-column__overlay\"><\/div><div class=\"uagb-column__inner-wrap\">\n\n<figure class=\"wp-block-image size-large\"><img decoding=\"async\" src=\"http:\/\/culoz-beon.fr\/services\/img\/logo-pompiers.png\" alt=\"\"><\/figure>\n\n<\/div><\/div>\n\n<\/div><\/section>\n\n\n\n<h2 class=\"wp-block-heading\">Section jeunes sapeurs pompiers<\/h2>\n\n\n\n<p> Notre section a \u00e9t\u00e9 cr\u00e9e en janvier 2000 et g\u00e9r\u00e9e au titre d\u2019une association loi 1901.<br>Elle regroupe une douzaine de jeunes \u00e0 partir de 13 ans, encadr\u00e9s par des animateurs Sapeurs-Pompiers b\u00e9n\u00e9voles. Le recrutement se fait uniquement pour les CIS de Culoz-B\u00e9on et Artemare (et Belley s&rsquo;il reste des places), par lettre de motivation puis entretien avec les membres de la section et des tests sportifs et th\u00e9oriques. Chaque saison d\u00e9bute \u00e0 partir d\u2019octobre tous les samedis matins de 8h30 \u00e0 12h00.La formation se d\u00e9roule au minimum pendant 3 ans et comprend du sport, secourisme, lutte contre les incendies, de la pr\u00e9vention en vue d\u2019obtenir le Brevet National de Jeunes Sapeurs-Pompiers. <\/p>\n\n\n\n<p> Pour \u00eatre admis dans la section, nous recrutons des jeunes motiv\u00e9s, passionn\u00e9s voulant donner de leur temps au service des autres&nbsp;; il faut donc satisfaire aux \u00e9preuves de recrutement en septembre, capable de nager 50 m et apte m\u00e9dicalement lors de la visite obligatoire. <\/p>\n","protected":false},"excerpt":{"rendered":"<p>Le centre de secours Les Sapeurs-Pompiers de Culoz-B\u00e9on sont tous volontaires. Ils sont organis\u00e9s en 4 \u00e9quipes et assurent des astreintes \u00e0 tour de r\u00f4le lors des diff\u00e9rents jours de la semaine et des week-end selon un planning \u00e9tabli \u00e0 l&rsquo;avance. Chaque Sapeur-Pompier est \u00e9quip\u00e9 d\u2019un r\u00e9cepteur (BIP). Le CTA (Centre de Traitement des Alertes), [&hellip;]<\/p>\n","protected":false},"author":1,"featured_media":0,"parent":0,"menu_order":7,"comment_status":"closed","ping_status":"closed","template":"","meta":{"advgb_blocks_editor_width":"","advgb_blocks_columns_visual_guide":"","footnotes":""},"coauthors":[],"author_meta":{"author_link":"https:\/\/culoz-beon.fr\/?author=1","display_name":"culozfreyoculoz"},"relative_dates":{"created":"Publi\u00e9 7 ans il y a","modified":"Mis \u00e0 jour 3 ans il y a"},"absolute_dates":{"created":"Publi\u00e9 le 20 juin 2019","modified":"Mise \u00e0 jour le 26 janvier 2023"},"absolute_dates_time":{"created":"Publi\u00e9 le 20 juin 2019 12 h 07 min","modified":"Mise \u00e0 jour le 26 janvier 2023 14 h 59 min"},"featured_img_caption":"","featured_img":false,"series_order":"","_links":{"self":[{"href":"https:\/\/culoz-beon.fr\/index.php?rest_route=\/wp\/v2\/pages\/809"}],"collection":[{"href":"https:\/\/culoz-beon.fr\/index.php?rest_route=\/wp\/v2\/pages"}],"about":[{"href":"https:\/\/culoz-beon.fr\/index.php?rest_route=\/wp\/v2\/types\/page"}],"author":[{"embeddable":true,"href":"https:\/\/culoz-beon.fr\/index.php?rest_route=\/wp\/v2\/users\/1"}],"replies":[{"embeddable":true,"href":"https:\/\/culoz-beon.fr\/index.php?rest_route=%2Fwp%2Fv2%2Fcomments&post=809"}],"version-history":[{"count":12,"href":"https:\/\/culoz-beon.fr\/index.php?rest_route=\/wp\/v2\/pages\/809\/revisions"}],"predecessor-version":[{"id":6356,"href":"https:\/\/culoz-beon.fr\/index.php?rest_route=\/wp\/v2\/pages\/809\/revisions\/6356"}],"wp:attachment":[{"href":"https:\/\/culoz-beon.fr\/index.php?rest_route=%2Fwp%2Fv2%2Fmedia&parent=809"}],"curies":[{"name":"wp","href":"https:\/\/api.w.org\/{rel}","templated":true}]}}

<section class="wp-block-uagb-section uagb-section__wrap uagb-section__background-image alignfull uagb-block-1627f142"><div class="uagb-section__overlay"></div><div class="uagb-section__inner-wrap">

<h1 class="titre-page-bandeau wp-block-heading">Sapeurs Pompiers</h1>

</div></section>



<h2 class="wp-block-heading">Le centre de secours</h2>



<p> Les Sapeurs-Pompiers de Culoz-Béon sont tous volontaires. Ils sont organisés en 4 équipes et assurent des astreintes à tour de rôle lors des différents jours de la semaine et des week-end selon un planning établi à l&rsquo;avance. Chaque Sapeur-Pompier est équipé d’un récepteur (BIP). Le CTA (Centre de Traitement des Alertes), situé à Bourg-en-Bresse, traite les appels arrivant au 18-112 puis déclenche les personnels ; dès lors, les Sapeurs-Pompiers sont mobilisables dans les délais les plus brefs. Le dimanche, l&rsquo;équipe d&rsquo;astreinte est présente à la caserne et assure le bon fonctionnement des moyens mis à notre disposition, en procédant aux divers essais, entretiens et inventaires ainsi que la formation continue des personnels. </p>



<p> Le centre de secours est aussi présent lors des cérémonies officielles (8 Mai, 14 Juillet, 11 Novembre&#8230;), en défilant et en rendant les honneurs devant le monument aux morts.<br>Il participe également chaque année au Téléthon.<br>Nous fêtons notre patronne Sainte-Barbe généralement fin novembre / début décembre. C’est l’occasion pour nous de recevoir les représentants des collectivités, des administrations et des associations, pour leur présenter l’activité de notre Centre de Secours et de les rencontrer en dehors de l’urgence, devant le verre de l’amitié.<br>A noter que les retraités Sapeurs-Pompiers participent à toutes les manifestations non opérationnelles du Centre de Secours. </p>



<h4 class="wp-block-heading">Véhicules et remorques</h4>



<section class="wp-block-uagb-columns uagb-columns__wrap uagb-columns__background-undefined uagb-columns__stack-mobile uagb-columns__valign-center uagb-columns__gap-30 alignundefined uagb-block-8f648456"><div class="uagb-columns__overlay"></div><div class="uagb-columns__inner-wrap uagb-columns__columns-2">

<div class="wp-block-uagb-column uagb-column__wrap uagb-column__background-undefined uagb-block-8b1da767"><div class="uagb-column__overlay"></div><div class="uagb-column__inner-wrap">

<figure class="wp-block-image size-large"><img decoding="async" src="http://culoz-beon.fr/services/img/caserne.jpg" alt=""></figure>

</div></div>


<div class="wp-block-uagb-column uagb-column__wrap uagb-column__background-undefined uagb-block-1f4f952a"><div class="uagb-column__overlay"></div><div class="uagb-column__inner-wrap">

<p> 1 VSAV Véhicule de Secours et Assistance aux Victimes<br>1 VTU Véhicule Tout Usage<br>1 FPT Fourgon Pompe Tonne<br>1 VLHR Véhicule Léger Hors Route<br>1 VSM Véhicule Secours Médical<br>1 EMBS Embarcation de Sauvetage<br>1 MPR Moto Pompe de 90 m3/h<br>1 CCF Camion Citerne Feux de Forêts </p>

</div></div>

</div></section>



<h2 class="wp-block-heading">L&rsquo;amicale des sapeurs pompiers</h2>



<section class="wp-block-uagb-columns uagb-columns__wrap uagb-columns__background-undefined uagb-columns__stack-mobile uagb-columns__valign-center uagb-columns__gap-10 alignundefined uagb-block-a281dd03"><div class="uagb-columns__overlay"></div><div class="uagb-columns__inner-wrap uagb-columns__columns-2">

<div class="wp-block-uagb-column uagb-column__wrap uagb-column__background-undefined uagb-block-ff456056"><div class="uagb-column__overlay"></div><div class="uagb-column__inner-wrap">

<div class="wp-block-group"><div class="wp-block-group__inner-container is-layout-flow wp-block-group-is-layout-flow">

<p>
Les pompiers de Culoz sont depuis de nombreuses années constitués en association. L’amicale des Sapeurs-Pompiers de Culoz est une association loi 1901, dont les adhérents ont tous été pompiers un jour.</p>


<p>Vous connaissez bien cette association qui vous présente chaque fin d’année les traditionnels calendriers et qui illumine les rues de la ville avec son désormais célèbre village de Noël.</p>


<p>Actuellement composée de 50 membres, l’amicale est gérée par un bureau administratif composé de 4 membres et dirigé par ses Co-Présidentes Katerina CHAPMAN et Sarah ROCHAIX. Le but principal de l’amicale est de créer une cohésion entre les pompiers du centre de secours et d’améliorer le quotidien (aménagement du foyer, prise en charge des repas lors des manœuvres, organisation de la sainte barbe etc).</p>


<p>L’amicale des pompiers de Culoz est également heureuse de partager avec la population des moments forts lors des évènements qu’elle met en place : Téléthon, journée Sécurité-Secours-Santé, Initiation aux gestes de secours…</p>


<p>Nous remercions toutes celles et ceux qui participent à nos manifestations, nous permettant de récolter des fonds assurant ainsi la pérennité de notre objectif. </p>

</div></div>

</div></div>


<div class="wp-block-uagb-column uagb-column__wrap uagb-column__background-undefined uagb-block-d26865db"><div class="uagb-column__overlay"></div><div class="uagb-column__inner-wrap">

<figure class="wp-block-image size-large"><img decoding="async" src="http://culoz-beon.fr/services/img/logo-pompiers.png" alt=""></figure>

</div></div>

</div></section>



<h2 class="wp-block-heading">Section jeunes sapeurs pompiers</h2>



<p> Notre section a été crée en janvier 2000 et gérée au titre d’une association loi 1901.<br>Elle regroupe une douzaine de jeunes à partir de 13 ans, encadrés par des animateurs Sapeurs-Pompiers bénévoles. Le recrutement se fait uniquement pour les CIS de Culoz-Béon et Artemare (et Belley s&rsquo;il reste des places), par lettre de motivation puis entretien avec les membres de la section et des tests sportifs et théoriques. Chaque saison débute à partir d’octobre tous les samedis matins de 8h30 à 12h00.La formation se déroule au minimum pendant 3 ans et comprend du sport, secourisme, lutte contre les incendies, de la prévention en vue d’obtenir le Brevet National de Jeunes Sapeurs-Pompiers. </p>



<p> Pour être admis dans la section, nous recrutons des jeunes motivés, passionnés voulant donner de leur temps au service des autres&nbsp;; il faut donc satisfaire aux épreuves de recrutement en septembre, capable de nager 50 m et apte médicalement lors de la visite obligatoire. </p>

<p>Le centre de secours Les Sapeurs-Pompiers de Culoz-Béon sont tous volontaires. Ils sont organisés en 4 équipes et assurent des astreintes à tour de rôle lors des différents jours de la semaine et des week-end selon un planning établi à l&rsquo;avance. Chaque Sapeur-Pompier est équipé d’un récepteur (BIP). Le CTA (Centre de Traitement des Alertes), [&hellip;]</p>

Publié 7 ans il y a

Mis à jour 3 ans il y a

Publié le 20 juin 2019

Mise à jour le 26 janvier 2023

Publié le 20 juin 2019 12 h 07 min

Mise à jour le 26 janvier 2023 14 h 59 min
