{"id":802,"date":"2019-06-20T12:06:31","date_gmt":"2019-06-20T10:06:31","guid":{"rendered":"http:\/\/culoz.fr\/dvlpt\/?page_id=802"},"modified":"2024-05-02T17:12:14","modified_gmt":"2024-05-02T15:12:14","slug":"la-gare-et-l-pole-dechange-multimodal","status":"publish","type":"page","link":"https:\/\/culoz-beon.fr\/?page_id=802","title":{"rendered":"Gare et p\u00f4le d&rsquo;\u00e9change multimodal"},"content":{"rendered":"\n<h3 class=\"wp-block-heading\">GARE DE CULOZ<\/h3>\n\n\n\n<figure class=\"wp-block-image\"><img decoding=\"async\" src=\"https:\/\/www.ccbugeysud.com\/wp-content\/uploads\/2022\/10\/sncf-gare-culoz-01.jpg\" alt=\"\" class=\"wp-image-6340\"\/><\/figure>\n\n\n\n<h4 class=\"wp-block-heading\">Lignes desservant la gare de Culoz :<\/h4>\n\n\n\n<ul>\n<li>Gen\u00e8ve\/Annecy \u2013 Grenoble \u2013 Valence<\/li>\n\n\n\n<li>St Gervais\/Evian\/Gen\u00e8ve \u2013 Bellegarde \u2013 Lyon<\/li>\n\n\n\n<li>(Chamb\u00e9ry) \u2013 Culoz \u2013 Amb\u00e9rieu \u2013 Lyon<\/li>\n\n\n\n<li>Chamb\u00e9ry \u2013 Culoz \u2013 Gen\u00e8ve<\/li>\n<\/ul>\n\n\n\n<p><a href=\"https:\/\/www.sncf.com\/fr\/gares\/culoz\/OCE87741074\/departs-arrivees\/gl\/departs\" target=\"_blank\" rel=\"noreferrer noopener\">CONSULTER LES HORAIRES DES LIGNES DESSERVANT LA GARE DE CULOZ<\/a><\/p>\n\n\n\n<p><\/p>\n\n\n\n<h2 class=\"wp-block-heading\">Taxis<\/h2>\n\n\n\n<figure class=\"wp-block-image size-full is-resized\"><img loading=\"lazy\" decoding=\"async\" width=\"1024\" height=\"768\" src=\"https:\/\/culoz-beon.fr\/wp-content\/uploads\/2024\/04\/taxi-belley-gare-chambery.jpg\" alt=\"\" class=\"wp-image-8173\" style=\"width:349px;height:auto\" srcset=\"https:\/\/culoz-beon.fr\/wp-content\/uploads\/2024\/04\/taxi-belley-gare-chambery.jpg 1024w, https:\/\/culoz-beon.fr\/wp-content\/uploads\/2024\/04\/taxi-belley-gare-chambery-300x225.jpg 300w, https:\/\/culoz-beon.fr\/wp-content\/uploads\/2024\/04\/taxi-belley-gare-chambery-768x576.jpg 768w, https:\/\/culoz-beon.fr\/wp-content\/uploads\/2024\/04\/taxi-belley-gare-chambery-24x18.jpg 24w, https:\/\/culoz-beon.fr\/wp-content\/uploads\/2024\/04\/taxi-belley-gare-chambery-36x27.jpg 36w, https:\/\/culoz-beon.fr\/wp-content\/uploads\/2024\/04\/taxi-belley-gare-chambery-48x36.jpg 48w\" sizes=\"(max-width: 1024px) 100vw, 1024px\" \/><\/figure>\n\n\n\n<p>TAXI MORLAND<\/p>\n\n\n\n<p>241 avenue Jean Falconnier Culoz 01350 CULOZ-BEON<\/p>\n\n\n\n<p><a href=\"https:\/\/www.google.com\/search?q=taxi+morland+culoz&amp;rlz=1C1GCEU_frFR823FR832&amp;oq=taxi+morland+cu&amp;gs_lcrp=EgZjaHJvbWUqCggAEAAY4wIYgAQyCggAEAAY4wIYgAQyEAgBEC4YrwEYxwEYgAQYjgUyBggCEEUYOTIKCAMQABiABBiiBDIKCAQQABiABBiiBDIKCAUQABiABBiiBKgCCLACAQ&amp;sourceid=chrome&amp;ie=UTF-8#\">04 79 87 81 28<\/a><\/p>\n\n\n\n<p><a href=\"https:\/\/www.ain-taxi-morland.fr\/location-vehicule-taxi\/culoz\/132\">https:\/\/www.ain-taxi-morland.fr\/location-vehicule-taxi\/culoz\/132<\/a><\/p>\n\n\n\n<p><\/p>\n\n\n\n<figure class=\"wp-block-image size-full is-resized\"><img loading=\"lazy\" decoding=\"async\" width=\"783\" height=\"369\" src=\"https:\/\/culoz-beon.fr\/wp-content\/uploads\/2024\/04\/1607884362749.png\" alt=\"\" class=\"wp-image-8174\" style=\"width:349px;height:auto\" srcset=\"https:\/\/culoz-beon.fr\/wp-content\/uploads\/2024\/04\/1607884362749.png 783w, https:\/\/culoz-beon.fr\/wp-content\/uploads\/2024\/04\/1607884362749-300x141.png 300w, https:\/\/culoz-beon.fr\/wp-content\/uploads\/2024\/04\/1607884362749-768x362.png 768w, https:\/\/culoz-beon.fr\/wp-content\/uploads\/2024\/04\/1607884362749-24x11.png 24w, https:\/\/culoz-beon.fr\/wp-content\/uploads\/2024\/04\/1607884362749-36x17.png 36w, https:\/\/culoz-beon.fr\/wp-content\/uploads\/2024\/04\/1607884362749-48x23.png 48w\" sizes=\"(max-width: 783px) 100vw, 783px\" \/><\/figure>\n\n\n\n<p>Aixki taxi&nbsp;<\/p>\n\n\n\n<p>Tel: 0652097264<\/p>\n\n\n\n<p>Web: <a href=\"http:\/\/www.aixki-taxi.com\">www.aixki-taxi.com<\/a><\/p>\n\n\n\n<p>Mail:&nbsp;<a href=\"&#x6d;&#x61;&#x69;&#x6c;&#x74;&#111;&#58;&#99;&#111;nta&#x63;&#x74;&#x2e;&#x61;&#x69;&#x78;&#107;&#105;&#116;axi&#x40;&#x67;&#x6d;&#x61;&#x69;&#x6c;&#46;&#99;&#111;&#109;\">c&#111;&#110;&#x74;&#x61;c&#116;&#46;&#x61;&#x69;&#x78;k&#105;&#116;&#x61;&#x78;i&#64;&#103;&#x6d;&#x61;&#x69;l&#46;&#99;&#x6f;&#x6d;<\/a><\/p>\n\n\n\n<p><a href=\"https:\/\/www.ruffieux73.fr\/commerces\/145992\">https:\/\/www.ruffieux73.fr\/commerces\/145992<\/a><\/p>\n","protected":false},"excerpt":{"rendered":"<p>GARE DE CULOZ Lignes desservant la gare de Culoz : CONSULTER LES HORAIRES DES LIGNES DESSERVANT LA GARE DE CULOZ Taxis TAXI MORLAND 241 avenue Jean Falconnier Culoz 01350 CULOZ-BEON 04 79 87 81 28 https:\/\/www.ain-taxi-morland.fr\/location-vehicule-taxi\/culoz\/132 Aixki taxi&nbsp; Tel: 0652097264 Web: www.aixki-taxi.com Mail:&nbsp;&#99;o&#110;t&#97;c&#x74;&#46;&#x61;i&#x78;k&#x69;t&#x61;x&#x69;&#64;&#x67;m&#x61;i&#x6c;&#46;&#x63;&#111;&#x6d; https:\/\/www.ruffieux73.fr\/commerces\/145992<\/p>\n","protected":false},"author":1,"featured_media":0,"parent":0,"menu_order":4,"comment_status":"closed","ping_status":"closed","template":"","meta":{"advgb_blocks_editor_width":"","advgb_blocks_columns_visual_guide":"","footnotes":""},"coauthors":[],"author_meta":{"author_link":"https:\/\/culoz-beon.fr\/?author=1","display_name":"culozfreyoculoz"},"relative_dates":{"created":"Publi\u00e9 7 ans il y a","modified":"Mis \u00e0 jour 2 ans il y a"},"absolute_dates":{"created":"Publi\u00e9 le 20 juin 2019","modified":"Mise \u00e0 jour le 2 mai 2024"},"absolute_dates_time":{"created":"Publi\u00e9 le 20 juin 2019 12 h 06 min","modified":"Mise \u00e0 jour le 2 mai 2024 17 h 12 min"},"featured_img_caption":"","featured_img":false,"series_order":"","_links":{"self":[{"href":"https:\/\/culoz-beon.fr\/index.php?rest_route=\/wp\/v2\/pages\/802"}],"collection":[{"href":"https:\/\/culoz-beon.fr\/index.php?rest_route=\/wp\/v2\/pages"}],"about":[{"href":"https:\/\/culoz-beon.fr\/index.php?rest_route=\/wp\/v2\/types\/page"}],"author":[{"embeddable":true,"href":"https:\/\/culoz-beon.fr\/index.php?rest_route=\/wp\/v2\/users\/1"}],"replies":[{"embeddable":true,"href":"https:\/\/culoz-beon.fr\/index.php?rest_route=%2Fwp%2Fv2%2Fcomments&post=802"}],"version-history":[{"count":17,"href":"https:\/\/culoz-beon.fr\/index.php?rest_route=\/wp\/v2\/pages\/802\/revisions"}],"predecessor-version":[{"id":8177,"href":"https:\/\/culoz-beon.fr\/index.php?rest_route=\/wp\/v2\/pages\/802\/revisions\/8177"}],"wp:attachment":[{"href":"https:\/\/culoz-beon.fr\/index.php?rest_route=%2Fwp%2Fv2%2Fmedia&parent=802"}],"curies":[{"name":"wp","href":"https:\/\/api.w.org\/{rel}","templated":true}]}}