{"id":794,"date":"2019-06-20T12:03:57","date_gmt":"2019-06-20T10:03:57","guid":{"rendered":"http:\/\/culoz.fr\/dvlpt\/?page_id=794"},"modified":"2024-04-30T16:22:44","modified_gmt":"2024-04-30T14:22:44","slug":"vos-commercants","status":"publish","type":"page","link":"https:\/\/culoz-beon.fr\/?page_id=794","title":{"rendered":"Commerces, artisans et industrie"},"content":{"rendered":"\n<h2 class=\"wp-block-heading\">Commerces, artisans et industrie<\/h2>\n\n\n\n<h3 class=\"wp-block-heading\">Activit\u00e9 Economique<\/h3>\n\n\n\n<p><\/p>\n\n\n\n<div class=\"wp-block-advgb-columns advgb-columns-wrapper\" id=\"advgb-cols-5f0780ef-e601-4b9f-a0a3-1b8f01d20a92\"><div class=\"advgb-columns-container\"><div class=\"advgb-columns advgb-columns-row advgb-is-mobile advgb-columns-2 layout-12-12 mbl-layout-stacked gutter-50 vgutter-10\">\n<div class=\"wp-block-advgb-column advgb-column\" id=\"advgb-col-e9fa7c7e-e463-4d12-a0c8-1bc81263777a\"><div class=\"advgb-column-inner\" style=\"border-style:none;border-width:1px\">\n<figure class=\"wp-block-image size-full\"><img loading=\"lazy\" decoding=\"async\" width=\"595\" height=\"842\" src=\"https:\/\/culoz-beon.fr\/wp-content\/uploads\/2024\/03\/Guide-des-nouveaux-habitants51.jpg\" alt=\"\" class=\"wp-image-7935\" srcset=\"https:\/\/culoz-beon.fr\/wp-content\/uploads\/2024\/03\/Guide-des-nouveaux-habitants51.jpg 595w, https:\/\/culoz-beon.fr\/wp-content\/uploads\/2024\/03\/Guide-des-nouveaux-habitants51-212x300.jpg 212w, https:\/\/culoz-beon.fr\/wp-content\/uploads\/2024\/03\/Guide-des-nouveaux-habitants51-17x24.jpg 17w, https:\/\/culoz-beon.fr\/wp-content\/uploads\/2024\/03\/Guide-des-nouveaux-habitants51-25x36.jpg 25w, https:\/\/culoz-beon.fr\/wp-content\/uploads\/2024\/03\/Guide-des-nouveaux-habitants51-34x48.jpg 34w\" sizes=\"(max-width: 595px) 100vw, 595px\" \/><\/figure>\n<\/div><\/div>\n\n\n\n<div class=\"wp-block-advgb-column advgb-column\" id=\"advgb-col-dd9fe0eb-ed0a-4d70-b80a-495a23d82b34\"><div class=\"advgb-column-inner\" style=\"border-style:none;border-width:1px\">\n<figure class=\"wp-block-image size-large\"><img loading=\"lazy\" decoding=\"async\" width=\"724\" height=\"1024\" src=\"https:\/\/culoz-beon.fr\/wp-content\/uploads\/2024\/04\/Guide-des-nouveaux-habitants52-724x1024.jpg\" alt=\"\" class=\"wp-image-8171\" srcset=\"https:\/\/culoz-beon.fr\/wp-content\/uploads\/2024\/04\/Guide-des-nouveaux-habitants52-724x1024.jpg 724w, https:\/\/culoz-beon.fr\/wp-content\/uploads\/2024\/04\/Guide-des-nouveaux-habitants52-212x300.jpg 212w, https:\/\/culoz-beon.fr\/wp-content\/uploads\/2024\/04\/Guide-des-nouveaux-habitants52-768x1086.jpg 768w, https:\/\/culoz-beon.fr\/wp-content\/uploads\/2024\/04\/Guide-des-nouveaux-habitants52-1086x1536.jpg 1086w, https:\/\/culoz-beon.fr\/wp-content\/uploads\/2024\/04\/Guide-des-nouveaux-habitants52-1448x2048.jpg 1448w, https:\/\/culoz-beon.fr\/wp-content\/uploads\/2024\/04\/Guide-des-nouveaux-habitants52-17x24.jpg 17w, https:\/\/culoz-beon.fr\/wp-content\/uploads\/2024\/04\/Guide-des-nouveaux-habitants52-25x36.jpg 25w, https:\/\/culoz-beon.fr\/wp-content\/uploads\/2024\/04\/Guide-des-nouveaux-habitants52-34x48.jpg 34w, https:\/\/culoz-beon.fr\/wp-content\/uploads\/2024\/04\/Guide-des-nouveaux-habitants52-scaled.jpg 1810w\" sizes=\"(max-width: 724px) 100vw, 724px\" \/><\/figure>\n<\/div><\/div>\n<\/div><\/div><\/div>\n\n\n\n<p><\/p>\n\n\n\n<div class=\"wp-block-advgb-accordions advgb-accordions-ead1f0cc-2c9e-484f-a70b-77fe042bdc7c advgb-accordion-wrapper\" data-collapsed=\"true\">\n<div class=\"wp-block-advgb-accordion-item advgb-accordion-item\" style=\"margin-bottom:15px\"><div class=\"advgb-accordion-header\" style=\"background-color:#000;color:#eee;border-style:solid;border-width:1px;border-radius:2px\"><span class=\"advgb-accordion-header-icon\"><svg fill=\"#fff\" xmlns=\"http:\/\/www.w3.org\/2000\/svg\" width=\"24\" height=\"24\" viewBox=\"0 0 24 24\"><path fill=\"none\" d=\"M0,0h24v24H0V0z\"><\/path><path d=\"M12,5.83L15.17,9l1.41-1.41L12,3L7.41,7.59L8.83,9L12,5.83z M12,18.17L8.83,15l-1.41,1.41L12,21l4.59-4.59L15.17,15 L12,18.17z\"><\/path><\/svg><\/span><h4 class=\"advgb-accordion-header-title\" style=\"color:inherit\">Les cr\u00e9ateurs sur Culoz-B\u00e9on<\/h4><\/div><div class=\"advgb-accordion-body\" style=\"border-style:solid !important;border-width:1px !important;border-color:undefined !important;border-top:none !important;border-radius:2px !important\">\n<h4 class=\"wp-block-heading\">Les savons d&rsquo;Amandine<\/h4>\n\n\n\n<p>J\u2019ai cr\u00e9\u00e9 ma savonnerie artisanale fin 2019, mon atelier se situe \u00e0 Culoz dans l\u2019Ain au pied du Grand Colombier. Je fabrique moi-m\u00eame des savons surgras et des cosm\u00e9tiques.<\/p>\n\n\n\n<p>Je fabrique tous mes savons suivant une m\u00e9thode ancienne qui est celle de la saponification \u00e0 froid. Elle permet de conserver les propri\u00e9t\u00e9s des huiles et des beurres v\u00e9g\u00e9taux utilis\u00e9s dans les recettes. J\u2019utilise des colorants naturels pour les marbrures des savons : argiles, poudres de plantes, etc. J\u2019\u00e9labore les parfums de mes savons \u00e0 partir d\u2019huiles essentielles. Toutes les mati\u00e8res premi\u00e8res utilis\u00e9es dans ma savonnerie artisanale sont dans la mesure du possible d\u2019origine biologique.<\/p>\n\n\n\n<p><\/p>\n\n\n\n<p>Vous pouvez me suivre sur Facebook et sur Instagram : les_savons_d_amandine<\/p>\n\n\n\n<p>N\u2019h\u00e9sitez pas \u00e0 me contacter par Facebook, Instagram ou par mail : &#x61;&#109;a&#x6e;&#100;i&#x6e;&#101;&#64;&#x6c;&#101;s&#x73;&#97;v&#x6f;&#x6e;s&#x64;&#x61;&#109;&#x61;&#x6e;&#100;&#x69;&#x6e;&#101;&#46;&#x63;&#111;m<\/p>\n\n\n\n<figure class=\"wp-block-embed is-type-wp-embed is-provider-les-savons-d-039-amandine wp-block-embed-les-savons-d-039-amandine\"><div class=\"wp-block-embed__wrapper\">\n<blockquote class=\"wp-embedded-content\" data-secret=\"1pPOyiIis3\"><a href=\"https:\/\/lessavonsdamandine.com\/\">\u00c0 propos<\/a><\/blockquote><iframe class=\"wp-embedded-content\" sandbox=\"allow-scripts\" security=\"restricted\" style=\"position: absolute; clip: rect(1px, 1px, 1px, 1px);\" title=\"\u00ab\u00a0\u00c0 propos\u00a0\u00bb &#8212; Les Savons d&#039;Amandine\" src=\"https:\/\/lessavonsdamandine.com\/embed\/#?secret=U5rzldtDgO#?secret=1pPOyiIis3\" data-secret=\"1pPOyiIis3\" width=\"600\" height=\"338\" frameborder=\"0\" marginwidth=\"0\" marginheight=\"0\" scrolling=\"no\"><\/iframe>\n<\/div><\/figure>\n\n\n\n<h4 class=\"wp-block-heading\">La case \u00e0 savon \u00e0 B\u00e9on<\/h4>\n\n\n\n<p>2 All. aux Iris, B\u00e9on 01350 CULOZ-BEON<\/p>\n\n\n\n<p>\u00ab\u00a0La Case \u00e0 Savon est une entreprise de cosm\u00e9tique naturelle qui vous emm\u00e8ne en voyage \u00e0 travers les \u00eeles cr\u00e9oles des Cara\u00efbes gr\u00e2ce \u00e0 nos parfums exotiques uniques. Notre passion pour les parfums exotiques, cr\u00e9oles et carib\u00e9ens se traduit dans chaque produit que nous fabriquons \u00e0 la main avec des ingr\u00e9dients naturels de haute qualit\u00e9. Nous sommes fiers d&rsquo;offrir une exp\u00e9rience de soins corporels agr\u00e9ables et nourrissants \u00e0 nos clients, tout en \u00e9tant respectueux de l&rsquo;environnement et de l&rsquo;\u00e9thique. Laissez-nous vous transporter dans un voyage olfactif enchanteur avec nos produits de beaut\u00e9 artisanaux uniques. Rejoignez notre famille de clients satisfaits d\u00e8s aujourd&rsquo;hui !\u00a0\u00bb<\/p>\n\n\n\n<p><a href=\"https:\/\/lacaseasavon.com\">https:\/\/lacaseasavon.com<\/a><\/p>\n\n\n\n<h4 class=\"wp-block-heading\">La th\u00e9i\u00e8re Cr\u00e9ative \u00e0 Culoz<\/h4>\n\n\n\n<p>D\u00e9couvrez des artisans passionn\u00e9s et leurs cr\u00e9ations.&nbsp;<\/p>\n\n\n\n<p>Prenez le temps de d\u00e9guster un th\u00e9, un caf\u00e9, une infusion ou toute autre boisson et de parcourir la boutique o\u00f9 diff\u00e9rents espaces ont \u00e9t\u00e9 am\u00e9nag\u00e9s :<\/p>\n\n\n\n<p>un espace d\u00e9di\u00e9 \u00e0 l&rsquo;enfance&nbsp;dans lequel vous d\u00e9couvrirez de nombreuses id\u00e9es cadeaux pour une naissance ou occuper les enfants<\/p>\n\n\n\n<p>un espace entre modernit\u00e9 et d\u00e9licatesse d\u00e9di\u00e9 aux accessoires vestimentaires&nbsp;: l&rsquo;art cr\u00e9atif s&rsquo;y expose et vous assure d&rsquo;\u00eatre unique gr\u00e2ce&nbsp;aux bijoux et diff\u00e9rents accessoires&nbsp;propos\u00e9s par&nbsp;nos cr\u00e9atrices<\/p>\n\n\n\n<p>un espace&nbsp;gourmand&nbsp;: petits sabl\u00e9s maison, bi\u00e8res, kombuchas et vins locaux. Mais aussi&nbsp;des contenants originaux qui vous permettront de pr\u00e9senter et d\u00e9guster ces pr\u00e9parations<\/p>\n\n\n\n<p>102 place du boulodrome Culoz 01350 CULOZ-BEON<\/p>\n\n\n\n<p>&#108;&#x61;&#x74;h&#101;&#x69;&#x65;r&#101;&#x63;r&#101;&#x61;&#x74;i&#118;&#x65;0&#49;&#x40;&#x67;m&#97;&#x69;&#x6c;&#46;&#x63;&#x6f;m<\/p>\n\n\n\n<p><a href=\"https:\/\/www.latheierecreative.fr\/\">https:\/\/www.latheierecreative.fr\/<\/a><\/p>\n\n\n\n<h4 class=\"wp-block-heading\">Couleur B\u00e9ton<\/h4>\n\n\n\n<p> <figure class=\"wp-block-image size-large\"><img loading=\"lazy\" decoding=\"async\" width=\"480\" height=\"600\" class=\"wp-image-7154\" src=\"https:\/\/culoz-beon.fr\/wp-content\/uploads\/2023\/11\/317078126_443772631256438_5271496949802704931_n.jpg\" alt=\"\" srcset=\"https:\/\/culoz-beon.fr\/wp-content\/uploads\/2023\/11\/317078126_443772631256438_5271496949802704931_n.jpg 480w, https:\/\/culoz-beon.fr\/wp-content\/uploads\/2023\/11\/317078126_443772631256438_5271496949802704931_n-240x300.jpg 240w, https:\/\/culoz-beon.fr\/wp-content\/uploads\/2023\/11\/317078126_443772631256438_5271496949802704931_n-19x24.jpg 19w, https:\/\/culoz-beon.fr\/wp-content\/uploads\/2023\/11\/317078126_443772631256438_5271496949802704931_n-29x36.jpg 29w, https:\/\/culoz-beon.fr\/wp-content\/uploads\/2023\/11\/317078126_443772631256438_5271496949802704931_n-38x48.jpg 38w\" sizes=\"(max-width: 480px) 100vw, 480px\" \/><\/figure> <\/p>\n\n\n\n<p>D\u00e9coration d\u2019int\u00e9rieur<\/p>\n\n\n\n<p>&#99;&#x6f;&#x75;l&#101;&#x75;r&#115;&#x62;e&#116;&#x6f;n&#64;&#x67;&#x6d;&#97;&#x69;&#x6c;&#46;&#99;&#x6f;m<\/p>\n\n\n\n<p><a rel=\"noreferrer noopener\" href=\"http:\/\/couleursbeton.etsy.com\/?fbclid=IwAR37-Dz3nSQknM-1vnp2mfFxmz7ymH1Qt77LNUv5kMjgw5La-GUXIV1fcJU\" target=\"_blank\">couleursbeton.etsy.com<\/a><\/p>\n\n\n\n<p><a href=\"https:\/\/www.facebook.com\/p\/Couleurs-B%C3%A9ton-100068711136965\/?paipv=0&amp;eav=AfZHHMJMKE-2iPVjuEmtBvrorXPDf9JifnU1FpcR8olWFeBmZtpDjHbpVgvfEhlzfBI&amp;_rdr\">https:\/\/www.facebook.com\/p\/Couleurs-B%C3%A9ton-100068711136965\/?paipv=0&amp;eav=AfZHHMJMKE-2iPVjuEmtBvrorXPDf9JifnU1FpcR8olWFeBmZtpDjHbpVgvfEhlzfBI&amp;_rdr<\/a><\/p>\n<\/div><\/div>\n<\/div>\n\n\n\n<p><\/p>\n<style class=\"advgb-styles-renderer\">#advgb-cols-5f0780ef-e601-4b9f-a0a3-1b8f01d20a92{}@media screen and (max-width: 1023px) {#advgb-cols-5f0780ef-e601-4b9f-a0a3-1b8f01d20a92{}}@media screen and (max-width: 767px) {#advgb-cols-5f0780ef-e601-4b9f-a0a3-1b8f01d20a92{}}#advgb-col-e9fa7c7e-e463-4d12-a0c8-1bc81263777a>.advgb-column-inner{}@media screen and (max-width: 1023px) {#advgb-col-e9fa7c7e-e463-4d12-a0c8-1bc81263777a>.advgb-column-inner{}}@media screen and (max-width: 767px) {#advgb-col-e9fa7c7e-e463-4d12-a0c8-1bc81263777a>.advgb-column-inner{}}#advgb-col-dd9fe0eb-ed0a-4d70-b80a-495a23d82b34>.advgb-column-inner{}@media screen and (max-width: 1023px) {#advgb-col-dd9fe0eb-ed0a-4d70-b80a-495a23d82b34>.advgb-column-inner{}}@media screen and (max-width: 767px) {#advgb-col-dd9fe0eb-ed0a-4d70-b80a-495a23d82b34>.advgb-column-inner{}}<\/style>","protected":false},"excerpt":{"rendered":"<p>Commerces, artisans et industrie Activit\u00e9 Economique<\/p>\n","protected":false},"author":1,"featured_media":0,"parent":0,"menu_order":1,"comment_status":"closed","ping_status":"closed","template":"","meta":{"advgb_blocks_editor_width":"","advgb_blocks_columns_visual_guide":"","footnotes":""},"coauthors":[],"author_meta":{"author_link":"https:\/\/culoz-beon.fr\/?author=1","display_name":"culozfreyoculoz"},"relative_dates":{"created":"Publi\u00e9 7 ans il y a","modified":"Mis \u00e0 jour 2 ans il y a"},"absolute_dates":{"created":"Publi\u00e9 le 20 juin 2019","modified":"Mise \u00e0 jour le 30 avril 2024"},"absolute_dates_time":{"created":"Publi\u00e9 le 20 juin 2019 12 h 03 min","modified":"Mise \u00e0 jour le 30 avril 2024 16 h 22 min"},"featured_img_caption":"","featured_img":false,"series_order":"","_links":{"self":[{"href":"https:\/\/culoz-beon.fr\/index.php?rest_route=\/wp\/v2\/pages\/794"}],"collection":[{"href":"https:\/\/culoz-beon.fr\/index.php?rest_route=\/wp\/v2\/pages"}],"about":[{"href":"https:\/\/culoz-beon.fr\/index.php?rest_route=\/wp\/v2\/types\/page"}],"author":[{"embeddable":true,"href":"https:\/\/culoz-beon.fr\/index.php?rest_route=\/wp\/v2\/users\/1"}],"replies":[{"embeddable":true,"href":"https:\/\/culoz-beon.fr\/index.php?rest_route=%2Fwp%2Fv2%2Fcomments&post=794"}],"version-history":[{"count":29,"href":"https:\/\/culoz-beon.fr\/index.php?rest_route=\/wp\/v2\/pages\/794\/revisions"}],"predecessor-version":[{"id":8172,"href":"https:\/\/culoz-beon.fr\/index.php?rest_route=\/wp\/v2\/pages\/794\/revisions\/8172"}],"wp:attachment":[{"href":"https:\/\/culoz-beon.fr\/index.php?rest_route=%2Fwp%2Fv2%2Fmedia&parent=794"}],"curies":[{"name":"wp","href":"https:\/\/api.w.org\/{rel}","templated":true}]}}