{"id":780,"date":"2019-06-20T11:58:26","date_gmt":"2019-06-20T09:58:26","guid":{"rendered":"http:\/\/culoz.fr\/dvlpt\/?page_id=780"},"modified":"2025-06-16T12:03:19","modified_gmt":"2025-06-16T10:03:19","slug":"mediatheque","status":"publish","type":"page","link":"https:\/\/culoz-beon.fr\/?page_id=780","title":{"rendered":"M\u00e9diath\u00e8que"},"content":{"rendered":"\n<p><\/p>\n\n\n\n<div class=\"wp-block-advgb-images-slider advgb-images-slider-block advg-images-slider-81d367a0-58fa-4b0d-a7e3-549c7710243a\"><div class=\"advgb-images-slider\" dir=\"ltr\"><div class=\"advgb-image-slider-item\"><img decoding=\"async\" src=\"https:\/\/culoz-beon.fr\/wp-content\/uploads\/2024\/03\/IMG_1593-scaled.jpg\" class=\"advgb-image-slider-img\" alt=\"\" style=\"width:100%;height:auto\"\/><div class=\"advgb-image-slider-item-info\" style=\"justify-content:center;align-items:center\"><\/div><\/div><div class=\"advgb-image-slider-item\"><img decoding=\"async\" src=\"https:\/\/culoz-beon.fr\/wp-content\/uploads\/2024\/03\/IMG_1615-scaled.jpg\" class=\"advgb-image-slider-img\" alt=\"\" style=\"width:100%;height:auto\"\/><div class=\"advgb-image-slider-item-info\" style=\"justify-content:center;align-items:center\"><\/div><\/div><div class=\"advgb-image-slider-item\"><img decoding=\"async\" src=\"https:\/\/culoz-beon.fr\/wp-content\/uploads\/2024\/03\/IMG_1617-scaled.jpg\" class=\"advgb-image-slider-img\" alt=\"\" style=\"width:100%;height:auto\"\/><div class=\"advgb-image-slider-item-info\" style=\"justify-content:center;align-items:center\"><\/div><\/div><div class=\"advgb-image-slider-item\"><img decoding=\"async\" src=\"https:\/\/culoz-beon.fr\/wp-content\/uploads\/2024\/03\/IMG_1620-scaled.jpg\" class=\"advgb-image-slider-img\" alt=\"\" style=\"width:100%;height:auto\"\/><div class=\"advgb-image-slider-item-info\" style=\"justify-content:center;align-items:center\"><\/div><\/div><div class=\"advgb-image-slider-item\"><img decoding=\"async\" src=\"https:\/\/culoz-beon.fr\/wp-content\/uploads\/2024\/03\/IMG_1621-scaled.jpg\" class=\"advgb-image-slider-img\" alt=\"\" style=\"width:100%;height:auto\"\/><div class=\"advgb-image-slider-item-info\" style=\"justify-content:center;align-items:center\"><\/div><\/div><div class=\"advgb-image-slider-item\"><img decoding=\"async\" src=\"https:\/\/culoz-beon.fr\/wp-content\/uploads\/2024\/03\/IMG_1622-scaled.jpg\" class=\"advgb-image-slider-img\" alt=\"\" style=\"width:100%;height:auto\"\/><div class=\"advgb-image-slider-item-info\" style=\"justify-content:center;align-items:center\"><\/div><\/div><\/div><\/div>\n\n\n\n<p>Pour rappel, la m\u00e9diath\u00e8que est un lieu ouvert \u00e0 tous et n\u2019est pas r\u00e9serv\u00e9 qu\u2019aux habitants de la commune, venez d\u00e9couvrir son nouveau visage !<\/p>\n\n\n\n<p>L\u2019adh\u00e9sion est n\u00e9cessaire seulement pour emprunter des documents. Et c\u2019est toujours gratuit pour les moins de 18 ans, les \u00e9tudiants, les demandeurs d\u2019emploi et d\u2019asile et les b\u00e9n\u00e9ficiaires de minima sociaux.<\/p>\n\n\n\n<p>La cotisation est sinon de 10,5 \u20ac\/an\/par adulte.<\/p>\n\n\n\n<p>Vous aurez le droit d\u2019emprunter 7 livres, 3 CD et 2 DVD pour 4 semaines.<\/p>\n\n\n\n<p>Ouverte \u00e0 tous sans condition d\u2019inscription :<\/p>\n\n\n\n<p>\u2022 Mardi : 16H00-18H30<br>\u2022 Mercredi : 9H00-12H00 \/ 14H00-16H00<br>\u2022 Vendredi : 16H00-18H30<br>\u2022 Samedi : 9H00-12H00<\/p>\n\n\n\n<p><\/p>\n\n\n\n<h2 class=\"wp-block-heading\">P\u00e9riodes de fermeture<\/h2>\n\n\n\n<p><em>3 semaines en \u00e9t\u00e9, 2 semaines \u00e0 No\u00ebl et 1 semaine pour P\u00e2ques.<\/em><\/p>\n\n\n\n<h2 class=\"wp-block-heading\" id=\"4-tarifs\">Tarifs<\/h2>\n\n\n\n<p><strong>Adh\u00e9sion individuelle<\/strong>&nbsp;: 10 \u20ac par an<br>Gratuit\u00e9 pour les enfants, les \u00e9tudiants, les demandeurs d&#8217;emploi et les demandeurs d&rsquo;asile sur pr\u00e9sentation d&rsquo;un justificatif<\/p>\n\n\n\n<h2 class=\"wp-block-heading\" id=\"5-conditions-de-pr\u00eat\">Conditions de pr\u00eat<\/h2>\n\n\n\n<p><strong>Pr\u00eat<\/strong>&nbsp;: 7 livres + 3 CD + 2 DVD par personne<\/p>\n\n\n\n<p><strong>Dur\u00e9e du pr\u00eat<\/strong>&nbsp;:<br>4 semaines<\/p>\n\n\n\n<h2 class=\"wp-block-heading\" id=\"6-services\">Services<\/h2>\n\n\n\n<p><strong>Internet via poste fixe&nbsp;<\/strong>: Gratuit et accessible \u00e0 tous, sur r\u00e9servation, dur\u00e9e maximale : 1 heure<\/p>\n\n\n\n<p><strong>Compte lecteur :<\/strong> Lors de votre inscription, un code d&rsquo;acc\u00e8s vous sera communiqu\u00e9 pour acc\u00e9der \u00e0 votre compte lecteur depuis le site de la m\u00e9diath\u00e8que. Vous pourrez \u00e0 l&rsquo;aide de ce compte prolonger ou r\u00e9server des documents.<br>Pour tout renseignement et pour les inscriptions, rendez-vous \u00e0 la&nbsp;m\u00e9diath\u00e8que.<\/p>\n\n\n\n<p><\/p>\n\n\n\n<div class=\"wp-block-advgb-columns advgb-columns-wrapper\" id=\"advgb-cols-4326ff97-18fd-4c8a-bdd4-e50fb11df9d7\"><div class=\"advgb-columns-container\"><div class=\"advgb-columns advgb-columns-row advgb-is-mobile advgb-columns-2 layout-12-12 mbl-layout-stacked gutter-50 vgutter-10\">\n<div class=\"wp-block-advgb-column advgb-column\" id=\"advgb-col-716f78a7-a119-4e97-b823-0f59cfd71294\"><div class=\"advgb-column-inner\" style=\"border-style:dotted;border-color:#0693e3;border-width:11px\">\n<h2 class=\"wp-block-heading has-text-align-center\">Adresse<\/h2>\n\n\n\n<p class=\"has-text-align-center\">38 avenue Antonin Poncet<\/p>\n\n\n\n<p class=\"has-text-align-center\">Culoz<\/p>\n\n\n\n<p class=\"has-text-align-center\">01350 CULOZ-BEON<\/p>\n<\/div><\/div>\n\n\n\n<div class=\"wp-block-advgb-column advgb-column\" id=\"advgb-col-c01806f9-6d53-481f-97cc-e2a3c5d6ac36\"><div class=\"advgb-column-inner\" style=\"border-style:inset;border-color:#0693e3;border-width:10px\">\n<p class=\"has-text-align-center\">Contact<\/p>\n\n\n\n<p class=\"has-text-align-center\">04 79 87 06 98<\/p>\n\n\n\n<p class=\"has-text-align-center\">&#109;e&#100;i&#97;t&#x68;e&#x71;u&#x65;&#64;&#x63;u&#x6c;o&#x7a;-&#x62;e&#x6f;n&#x2e;f&#x72;<\/p>\n\n\n\n<p class=\"has-text-align-center\"><a href=\"http:\/\/mediatheque-culoz-beon.fr\/\">https:\/\/mediatheque-culoz.fr\/<\/a><\/p>\n\n\n\n<p><\/p>\n<\/div><\/div>\n<\/div><\/div><\/div>\n<style class=\"advgb-styles-renderer\">#advgb-cols-4326ff97-18fd-4c8a-bdd4-e50fb11df9d7{padding-top:5px;padding-right:5px;padding-bottom:5px;padding-left:5px;}@media screen and (max-width: 1023px) {#advgb-cols-4326ff97-18fd-4c8a-bdd4-e50fb11df9d7{}}@media screen and (max-width: 767px) {#advgb-cols-4326ff97-18fd-4c8a-bdd4-e50fb11df9d7{}}#advgb-col-716f78a7-a119-4e97-b823-0f59cfd71294>.advgb-column-inner{}@media screen and (max-width: 1023px) {#advgb-col-716f78a7-a119-4e97-b823-0f59cfd71294>.advgb-column-inner{}}@media screen and (max-width: 767px) {#advgb-col-716f78a7-a119-4e97-b823-0f59cfd71294>.advgb-column-inner{}}#advgb-col-c01806f9-6d53-481f-97cc-e2a3c5d6ac36>.advgb-column-inner{padding-top:5px;padding-right:5px;padding-bottom:5px;padding-left:5px;}@media screen and (max-width: 1023px) {#advgb-col-c01806f9-6d53-481f-97cc-e2a3c5d6ac36>.advgb-column-inner{}}@media screen and (max-width: 767px) {#advgb-col-c01806f9-6d53-481f-97cc-e2a3c5d6ac36>.advgb-column-inner{}}<\/style>","protected":false},"excerpt":{"rendered":"<p>Pour rappel, la m\u00e9diath\u00e8que est un lieu ouvert \u00e0 tous et n\u2019est pas r\u00e9serv\u00e9 qu\u2019aux habitants de la commune, venez d\u00e9couvrir son nouveau visage ! L\u2019adh\u00e9sion est n\u00e9cessaire seulement pour emprunter des documents. Et c\u2019est toujours gratuit pour les moins de 18 ans, les \u00e9tudiants, les demandeurs d\u2019emploi et d\u2019asile et les b\u00e9n\u00e9ficiaires de minima [&hellip;]<\/p>\n","protected":false},"author":1,"featured_media":0,"parent":0,"menu_order":3,"comment_status":"closed","ping_status":"closed","template":"","meta":{"advgb_blocks_editor_width":"","advgb_blocks_columns_visual_guide":"","footnotes":""},"coauthors":[],"author_meta":{"author_link":"https:\/\/culoz-beon.fr\/?author=1","display_name":"culozfreyoculoz"},"relative_dates":{"created":"Publi\u00e9 7 ans il y a","modified":"Mis \u00e0 jour 10 mois il y a"},"absolute_dates":{"created":"Publi\u00e9 le 20 juin 2019","modified":"Mise \u00e0 jour le 16 juin 2025"},"absolute_dates_time":{"created":"Publi\u00e9 le 20 juin 2019 11 h 58 min","modified":"Mise \u00e0 jour le 16 juin 2025 12 h 03 min"},"featured_img_caption":"","featured_img":false,"series_order":"","_links":{"self":[{"href":"https:\/\/culoz-beon.fr\/index.php?rest_route=\/wp\/v2\/pages\/780"}],"collection":[{"href":"https:\/\/culoz-beon.fr\/index.php?rest_route=\/wp\/v2\/pages"}],"about":[{"href":"https:\/\/culoz-beon.fr\/index.php?rest_route=\/wp\/v2\/types\/page"}],"author":[{"embeddable":true,"href":"https:\/\/culoz-beon.fr\/index.php?rest_route=\/wp\/v2\/users\/1"}],"replies":[{"embeddable":true,"href":"https:\/\/culoz-beon.fr\/index.php?rest_route=%2Fwp%2Fv2%2Fcomments&post=780"}],"version-history":[{"count":47,"href":"https:\/\/culoz-beon.fr\/index.php?rest_route=\/wp\/v2\/pages\/780\/revisions"}],"predecessor-version":[{"id":8929,"href":"https:\/\/culoz-beon.fr\/index.php?rest_route=\/wp\/v2\/pages\/780\/revisions\/8929"}],"wp:attachment":[{"href":"https:\/\/culoz-beon.fr\/index.php?rest_route=%2Fwp%2Fv2%2Fmedia&parent=780"}],"curies":[{"name":"wp","href":"https:\/\/api.w.org\/{rel}","templated":true}]}}