{"id":778,"date":"2019-06-20T11:23:26","date_gmt":"2019-06-20T09:23:26","guid":{"rendered":"http:\/\/culoz.fr\/dvlpt\/?page_id=778"},"modified":"2026-04-27T16:11:12","modified_gmt":"2026-04-27T14:11:12","slug":"espace-enfance-du-colombier","status":"publish","type":"page","link":"https:\/\/culoz-beon.fr\/?page_id=778","title":{"rendered":"Espace enfance du Colombier"},"content":{"rendered":"\n<p><\/p>\n\n\n\n<div class=\"wp-block-advgb-images-slider advgb-images-slider-block advg-images-slider-7517abd6-3f8a-484e-8558-2e4c382f6312\"><div class=\"advgb-images-slider\" dir=\"ltr\"><div class=\"advgb-image-slider-item\"><img decoding=\"async\" src=\"https:\/\/culoz-beon.fr\/wp-content\/uploads\/2023\/12\/IMG_0754-scaled.jpg\" class=\"advgb-image-slider-img\" alt=\"\" style=\"width:100%;height:auto\"\/><div class=\"advgb-image-slider-item-info\" style=\"justify-content:center;align-items:center\"><\/div><\/div><div class=\"advgb-image-slider-item\"><img decoding=\"async\" src=\"https:\/\/culoz-beon.fr\/wp-content\/uploads\/2023\/12\/IMG_0761-scaled.jpg\" class=\"advgb-image-slider-img\" alt=\"\" style=\"width:100%;height:auto\"\/><div class=\"advgb-image-slider-item-info\" style=\"justify-content:center;align-items:center\"><\/div><\/div><\/div><\/div>\n\n\n\n<p><\/p>\n\n\n\n<h2 class=\"wp-block-heading\" id=\"periscolaire-b718f522-6d86-4958-8d31-946832dbfa05\">P\u00e9riscolaire<\/h2>\n\n\n\n<h3 class=\"wp-block-heading\" id=\"site-de-culoz-2aea0301-dd6a-4bbb-8297-3fcd81742f78\">Site de Culoz<\/h3>\n\n\n\n<p>Il fonctionne :<\/p>\n\n\n\n<p>les lundi, mardi, jeudi vendredi<\/p>\n\n\n\n<p>de 7h \u00e0 8h35<br>de 11h35 \u00e0 12h45<br>de 16h25 \u00e0 18h30<\/p>\n\n\n\n<p>Le mercredi de 7h15 \u00e0 18h15<\/p>\n\n\n\n<p>L\u2019enfant est accueilli dans l\u2019ann\u00e9e de ses 4 ans.<\/p>\n\n\n\n<p>Possibilit\u00e9s d\u2019accueil :<\/p>\n\n\n\n<p>Accueil en journ\u00e9e avec ou sans repas,<br>Accueil le matin avec ou sans repas,<br>Accueil l\u2019apr\u00e8s-midi avec ou sans repas.<\/p>\n\n\n\n<p>Capacit\u00e9 d\u2019accueil :<\/p>\n\n\n\n<ul>\n<li>Hors mercredi : 48 places dont 20 pour les moins de 6 ans,<\/li>\n\n\n\n<li>Le mercredi : 44 places dont 20 pour les moins de 6 ans.<\/li>\n<\/ul>\n\n\n\n<p><\/p>\n\n\n\n<h3 class=\"wp-block-heading\" id=\"site-de-beon-c86b43af-5550-4f1c-8b0d-d1851e8beccc\">Site de B\u00e9on<\/h3>\n\n\n\n<p>Il fonctionne :<\/p>\n\n\n\n<p>les lundi, mardi, jeudi vendredi<\/p>\n\n\n\n<p>de 7h30 \u00e0 8h20<br>de 11h30 \u00e0 12h15<br>de 16h30 \u00e0 18h00<\/p>\n\n\n\n<p>Possibilit\u00e9 sur demande exceptionnelle d\u2019ouvrir \u00e0 7h et fermeture \u00e0 18h30<\/p>\n\n\n\n<p>Capacit\u00e9 d\u2019accueil :<\/p>\n\n\n\n<p>Hors mercredi : 10 places<\/p>\n\n\n\n<p>Accueil du mercredi uniquement sur le site de Culoz<\/p>\n\n\n\n<h2 class=\"wp-block-heading\" id=\"restauration-scolaire-2d7d6ff1-529f-42c9-8615-bea0b411fc69\">Restauration scolaire<\/h2>\n\n\n\n<p><\/p>\n\n\n\n<p>Ce service est ouvert les jours d\u2019\u00e9cole (lundi, mardi, jeudi, vendredi).<\/p>\n\n\n\n<p>Il accueille les enfants de l\u2019\u00e9cole maternelle et les enfants de l\u2019\u00e9cole \u00e9l\u00e9mentaire. Les enfants sont pris en charge par les animateurs (trices) lors de la pause m\u00e9ridienne.<\/p>\n\n\n\n<p>Pour l\u2019\u00e9cole maternelle, les enfants sont r\u00e9cup\u00e9r\u00e9s dans leur classe par le personnel de l\u2019Espace Enfance.<\/p>\n\n\n\n<p>Pour les enfants de l\u2019\u00e9cole \u00e9l\u00e9mentaire de Culoz, ils se regroupent sous le pr\u00e9au aupr\u00e8s des animateurs (trices).<\/p>\n\n\n\n<p>Pour les enfants de B\u00e9on , ils sont pris en charge d\u00e8s la fin des cours.<\/p>\n\n\n\n<p>Capacit\u00e9 d\u2019accueil pour Culoz: 110 places dont 40 pour les moins de 6 ans. Pour B\u00e9on : 20 places.<\/p>\n\n\n\n<h3 class=\"wp-block-heading\" id=\"menus-77c4282d-97a8-41fa-b1b7-369f298e7cb6\">Menus<\/h3>\n\n\n\n<div data-wp-interactive=\"\" class=\"wp-block-file\"><object data-wp-bind--hidden=\"!selectors.core.file.hasPdfPreview\" hidden class=\"wp-block-file__embed\" data=\"https:\/\/culoz-beon.fr\/wp-content\/uploads\/2026\/04\/BASE5J-Restaurant-Scolaire-CULOZ-ECOLE-05-2026.pdf\" type=\"application\/pdf\" style=\"width:100%;height:600px\" aria-label=\"Contenu embarqu\u00e9 BASE5J-Restaurant-Scolaire-CULOZ-ECOLE-05-2026.\"><\/object><a id=\"wp-block-file--media-456bb16a-4ba4-4433-839f-cd7b183e686a\" href=\"https:\/\/culoz-beon.fr\/wp-content\/uploads\/2026\/04\/BASE5J-Restaurant-Scolaire-CULOZ-ECOLE-05-2026.pdf\">BASE5J-Restaurant-Scolaire-CULOZ-ECOLE-05-2026<\/a><a href=\"https:\/\/culoz-beon.fr\/wp-content\/uploads\/2026\/04\/BASE5J-Restaurant-Scolaire-CULOZ-ECOLE-05-2026.pdf\" class=\"wp-block-file__button wp-element-button\" download aria-describedby=\"wp-block-file--media-456bb16a-4ba4-4433-839f-cd7b183e686a\">T\u00e9l\u00e9charger<\/a><\/div>\n\n\n\n<h2 class=\"wp-block-heading\" id=\"centre-de-loisirs-1324666d-7f29-42f7-ae9c-06ce19ec41bb\">Centre de loisirs<\/h2>\n\n\n\n<p><\/p>\n\n\n\n<p>Cet accueil est ouvert les vacances de Toussaint, d\u2019hiver, de printemps et d\u2019\u00e9t\u00e9.<\/p>\n\n\n\n<p>Le centre de loisirs accueille les enfants \u00e0 partir de 4 ans ou dans l\u2019ann\u00e9e des 4 ans.<\/p>\n\n\n\n<p>Horaires d\u2019ouverture<\/p>\n\n\n\n<p>7h30 \u00e0 18h15<\/p>\n\n\n\n<p>Accueil en journ\u00e9e avec ou sans repas,<br>Accueil le matin avec ou sans repas,<br>Accueil l\u2019apr\u00e8s-midi avec ou sans repas.<\/p>\n\n\n\n<p>Capacit\u00e9 d\u2019accueil :<\/p>\n\n\n\n<p>48 places dont 24 pour les moins de 6 ans<\/p>\n\n\n\n<p><\/p>\n\n\n\n<p><\/p>\n\n\n\n<h3 class=\"wp-block-heading\" id=\"modalites-dinscription-0910590b-46c8-4c22-bf35-eb2f433b582f\">Modalit\u00e9s d&rsquo;inscription<\/h3>\n\n\n\n<p>Pour l\u2019inscription, un dossier est \u00e0 remplir. Il est valable pour les trois services (p\u00e9riscolaire, restaurant scolaire et centre de loisirs).<\/p>\n\n\n\n<p>Il comporte :<\/p>\n\n\n\n<p>une fiche de renseignements concernant l\u2019enfant,<br>une fiche sanitaire,<br>des r\u00e9glements int\u00e9rieurs,<br>des tarifs,<br>un planning r\u00e9servation accueil p\u00e9riscolaire,<br>un planning r\u00e9servation accueil p\u00e9riscolaire mercredi,<br>un planning r\u00e9servation restauration scolaire.<\/p>\n\n\n\n<p>L\u2019ensemble de ces documents permet de g\u00e9rer efficacement la structure et d\u2019optimiser la gestion des places dans les diff\u00e9rents services.<\/p>\n\n\n\n<p>Toute r\u00e9servation non annul\u00e9e est factur\u00e9e<\/p>\n\n\n\n<p>Plus de renseignements sur www.culoz-beon.fr<\/p>\n\n\n\n<p>ou au 04 79 87 76 79 &#8211; &#x65;&#115;&#x70;&#97;c&#x65;&#45;l&#x6f;&#105;&#x73;&#x69;r&#x73;&#64;c&#x75;&#108;&#x6f;&#x7a;-&#x62;&#101;o&#x6e;&#46;f&#x72;<\/p>\n\n\n\n<h4 class=\"wp-block-heading\" id=\"retrouvez-la-nouvelle-plaquette-de-la-structure-883ce27e-84cf-41d3-8547-e36b59b3f7e7\">Retrouvez la nouvelle plaquette de la structure<\/h4>\n\n\n\n<p><\/p>\n\n\n\n<div class=\"wp-block-file bouton-bleu\"><a href=\"https:\/\/culoz-beon.fr\/wp-content\/uploads\/2023\/06\/Plaquette-Espace-Enfance-du-Colombier.pdf\" class=\"wp-block-file__button wp-element-button\" download>Plaquette-Espace-Enfance-du-Colombier<\/a><\/div>\n\n\n\n<div class=\"wp-block-advgb-columns advgb-columns-wrapper\" id=\"advgb-cols-0b4833ff-2c4e-4a2c-bce6-e8c10f731c42\"><div class=\"advgb-columns-container\"><div class=\"advgb-columns advgb-columns-row advgb-is-mobile advgb-columns-2 layout-12-12 mbl-layout-stacked gutter-50 vgutter-10\">\n<div class=\"wp-block-advgb-column advgb-column\" id=\"advgb-col-ad11112d-7856-4afa-8e2e-8b486b022053\"><div class=\"advgb-column-inner\" style=\"border-style:dotted;border-color:#0693e3;border-width:13px\">\n<h2 class=\"wp-block-heading has-text-align-center\">Adresse<\/h2>\n\n\n\n<p class=\"has-text-align-center\">All\u00e9e du Parc<\/p>\n\n\n\n<p class=\"has-text-align-center\">Culoz<\/p>\n\n\n\n<p class=\"has-text-align-center\">01350 CULOZ-BEON<\/p>\n\n\n\n<p><\/p>\n<\/div><\/div>\n\n\n\n<div class=\"wp-block-advgb-column advgb-column\" id=\"advgb-col-c92451ae-02f4-4679-a7b2-2a5007336c64\"><div class=\"advgb-column-inner\" style=\"border-style:inset;border-color:#0693e3;border-width:12px\">\n<h2 class=\"wp-block-heading has-text-align-center\">Contact<\/h2>\n\n\n\n<p class=\"has-text-align-center\">04 79 87 76 79 \/ 06 09 27 51 32<\/p>\n\n\n\n<p class=\"has-text-align-center\">&#x65;&#115;&#112;a&#x63;&#x65;&#45;l&#x6f;&#x69;&#115;i&#x72;&#x73;&#64;c&#x75;&#x6c;&#111;z&#x2d;&#x62;&#101;o&#x6e;&#x2e;&#102;&#114;<\/p>\n\n\n\n<p><\/p>\n<\/div><\/div>\n<\/div><\/div><\/div>\n<style class=\"advgb-styles-renderer\">#advgb-cols-0b4833ff-2c4e-4a2c-bce6-e8c10f731c42{}@media screen and (max-width: 1023px) {#advgb-cols-0b4833ff-2c4e-4a2c-bce6-e8c10f731c42{}}@media screen and (max-width: 767px) {#advgb-cols-0b4833ff-2c4e-4a2c-bce6-e8c10f731c42{}}#advgb-col-ad11112d-7856-4afa-8e2e-8b486b022053>.advgb-column-inner{}@media screen and (max-width: 1023px) {#advgb-col-ad11112d-7856-4afa-8e2e-8b486b022053>.advgb-column-inner{}}@media screen and (max-width: 767px) {#advgb-col-ad11112d-7856-4afa-8e2e-8b486b022053>.advgb-column-inner{}}#advgb-col-c92451ae-02f4-4679-a7b2-2a5007336c64>.advgb-column-inner{}@media screen and (max-width: 1023px) {#advgb-col-c92451ae-02f4-4679-a7b2-2a5007336c64>.advgb-column-inner{}}@media screen and (max-width: 767px) {#advgb-col-c92451ae-02f4-4679-a7b2-2a5007336c64>.advgb-column-inner{}}<\/style>","protected":false},"excerpt":{"rendered":"<p>P\u00e9riscolaire Site de Culoz Il fonctionne : les lundi, mardi, jeudi vendredi de 7h \u00e0 8h35de 11h35 \u00e0 12h45de 16h25 \u00e0 18h30 Le mercredi de 7h15 \u00e0 18h15 L\u2019enfant est accueilli dans l\u2019ann\u00e9e de ses 4 ans. Possibilit\u00e9s d\u2019accueil : Accueil en journ\u00e9e avec ou sans repas,Accueil le matin avec ou sans repas,Accueil l\u2019apr\u00e8s-midi avec [&hellip;]<\/p>\n","protected":false},"author":1,"featured_media":0,"parent":0,"menu_order":2,"comment_status":"closed","ping_status":"closed","template":"","meta":{"advgb_blocks_editor_width":"","advgb_blocks_columns_visual_guide":"","footnotes":""},"coauthors":[],"author_meta":{"author_link":"https:\/\/culoz-beon.fr\/?author=1","display_name":"culozfreyoculoz"},"relative_dates":{"created":"Publi\u00e9 7 ans il y a","modified":"Mis \u00e0 jour 3 jours il y a"},"absolute_dates":{"created":"Publi\u00e9 le 20 juin 2019","modified":"Mise \u00e0 jour le 27 avril 2026"},"absolute_dates_time":{"created":"Publi\u00e9 le 20 juin 2019 11 h 23 min","modified":"Mise \u00e0 jour le 27 avril 2026 16 h 11 min"},"featured_img_caption":"","featured_img":false,"series_order":"","_links":{"self":[{"href":"https:\/\/culoz-beon.fr\/index.php?rest_route=\/wp\/v2\/pages\/778"}],"collection":[{"href":"https:\/\/culoz-beon.fr\/index.php?rest_route=\/wp\/v2\/pages"}],"about":[{"href":"https:\/\/culoz-beon.fr\/index.php?rest_route=\/wp\/v2\/types\/page"}],"author":[{"embeddable":true,"href":"https:\/\/culoz-beon.fr\/index.php?rest_route=\/wp\/v2\/users\/1"}],"replies":[{"embeddable":true,"href":"https:\/\/culoz-beon.fr\/index.php?rest_route=%2Fwp%2Fv2%2Fcomments&post=778"}],"version-history":[{"count":156,"href":"https:\/\/culoz-beon.fr\/index.php?rest_route=\/wp\/v2\/pages\/778\/revisions"}],"predecessor-version":[{"id":10070,"href":"https:\/\/culoz-beon.fr\/index.php?rest_route=\/wp\/v2\/pages\/778\/revisions\/10070"}],"wp:attachment":[{"href":"https:\/\/culoz-beon.fr\/index.php?rest_route=%2Fwp%2Fv2%2Fmedia&parent=778"}],"curies":[{"name":"wp","href":"https:\/\/api.w.org\/{rel}","templated":true}]}}

<p></p>



<div class="wp-block-advgb-images-slider advgb-images-slider-block advg-images-slider-7517abd6-3f8a-484e-8558-2e4c382f6312"><div class="advgb-images-slider" dir="ltr"><div class="advgb-image-slider-item"><img decoding="async" src="https://culoz-beon.fr/wp-content/uploads/2023/12/IMG_0754-scaled.jpg" class="advgb-image-slider-img" alt="" style="width:100%;height:auto"/><div class="advgb-image-slider-item-info" style="justify-content:center;align-items:center"></div></div><div class="advgb-image-slider-item"><img decoding="async" src="https://culoz-beon.fr/wp-content/uploads/2023/12/IMG_0761-scaled.jpg" class="advgb-image-slider-img" alt="" style="width:100%;height:auto"/><div class="advgb-image-slider-item-info" style="justify-content:center;align-items:center"></div></div></div></div>



<p></p>



<h2 class="wp-block-heading" id="periscolaire-b718f522-6d86-4958-8d31-946832dbfa05">Périscolaire</h2>



<h3 class="wp-block-heading" id="site-de-culoz-2aea0301-dd6a-4bbb-8297-3fcd81742f78">Site de Culoz</h3>



<p>Il fonctionne :</p>



<p>les lundi, mardi, jeudi vendredi</p>



<p>de 7h à 8h35<br>de 11h35 à 12h45<br>de 16h25 à 18h30</p>



<p>Le mercredi de 7h15 à 18h15</p>



<p>L’enfant est accueilli dans l’année de ses 4 ans.</p>



<p>Possibilités d’accueil :</p>



<p>Accueil en journée avec ou sans repas,<br>Accueil le matin avec ou sans repas,<br>Accueil l’après-midi avec ou sans repas.</p>



<p>Capacité d’accueil :</p>



<ul>
<li>Hors mercredi : 48 places dont 20 pour les moins de 6 ans,</li>



<li>Le mercredi : 44 places dont 20 pour les moins de 6 ans.</li>
</ul>



<p></p>



<h3 class="wp-block-heading" id="site-de-beon-c86b43af-5550-4f1c-8b0d-d1851e8beccc">Site de Béon</h3>



<p>Il fonctionne :</p>



<p>les lundi, mardi, jeudi vendredi</p>



<p>de 7h30 à 8h20<br>de 11h30 à 12h15<br>de 16h30 à 18h00</p>



<p>Possibilité sur demande exceptionnelle d’ouvrir à 7h et fermeture à 18h30</p>



<p>Capacité d’accueil :</p>



<p>Hors mercredi : 10 places</p>



<p>Accueil du mercredi uniquement sur le site de Culoz</p>



<h2 class="wp-block-heading" id="restauration-scolaire-2d7d6ff1-529f-42c9-8615-bea0b411fc69">Restauration scolaire</h2>



<p></p>



<p>Ce service est ouvert les jours d’école (lundi, mardi, jeudi, vendredi).</p>



<p>Il accueille les enfants de l’école maternelle et les enfants de l’école élémentaire. Les enfants sont pris en charge par les animateurs (trices) lors de la pause méridienne.</p>



<p>Pour l’école maternelle, les enfants sont récupérés dans leur classe par le personnel de l’Espace Enfance.</p>



<p>Pour les enfants de l’école élémentaire de Culoz, ils se regroupent sous le préau auprès des animateurs (trices).</p>



<p>Pour les enfants de Béon , ils sont pris en charge dès la fin des cours.</p>



<p>Capacité d’accueil pour Culoz: 110 places dont 40 pour les moins de 6 ans. Pour Béon : 20 places.</p>



<h3 class="wp-block-heading" id="menus-77c4282d-97a8-41fa-b1b7-369f298e7cb6">Menus</h3>



<div data-wp-interactive="" class="wp-block-file"><object data-wp-bind--hidden="!selectors.core.file.hasPdfPreview" hidden class="wp-block-file__embed" data="https://culoz-beon.fr/wp-content/uploads/2026/04/BASE5J-Restaurant-Scolaire-CULOZ-ECOLE-05-2026.pdf" type="application/pdf" style="width:100%;height:600px" aria-label="Contenu embarqué BASE5J-Restaurant-Scolaire-CULOZ-ECOLE-05-2026."></object><a id="wp-block-file--media-456bb16a-4ba4-4433-839f-cd7b183e686a" href="https://culoz-beon.fr/wp-content/uploads/2026/04/BASE5J-Restaurant-Scolaire-CULOZ-ECOLE-05-2026.pdf">BASE5J-Restaurant-Scolaire-CULOZ-ECOLE-05-2026</a><a href="https://culoz-beon.fr/wp-content/uploads/2026/04/BASE5J-Restaurant-Scolaire-CULOZ-ECOLE-05-2026.pdf" class="wp-block-file__button wp-element-button" download aria-describedby="wp-block-file--media-456bb16a-4ba4-4433-839f-cd7b183e686a">Télécharger</a></div>



<h2 class="wp-block-heading" id="centre-de-loisirs-1324666d-7f29-42f7-ae9c-06ce19ec41bb">Centre de loisirs</h2>



<p></p>



<p>Cet accueil est ouvert les vacances de Toussaint, d’hiver, de printemps et d’été.</p>



<p>Le centre de loisirs accueille les enfants à partir de 4 ans ou dans l’année des 4 ans.</p>



<p>Horaires d’ouverture</p>



<p>7h30 à 18h15</p>



<p>Accueil en journée avec ou sans repas,<br>Accueil le matin avec ou sans repas,<br>Accueil l’après-midi avec ou sans repas.</p>



<p>Capacité d’accueil :</p>



<p>48 places dont 24 pour les moins de 6 ans</p>



<p></p>



<p></p>



<h3 class="wp-block-heading" id="modalites-dinscription-0910590b-46c8-4c22-bf35-eb2f433b582f">Modalités d&rsquo;inscription</h3>



<p>Pour l’inscription, un dossier est à remplir. Il est valable pour les trois services (périscolaire, restaurant scolaire et centre de loisirs).</p>



<p>Il comporte :</p>



<p>une fiche de renseignements concernant l’enfant,<br>une fiche sanitaire,<br>des réglements intérieurs,<br>des tarifs,<br>un planning réservation accueil périscolaire,<br>un planning réservation accueil périscolaire mercredi,<br>un planning réservation restauration scolaire.</p>



<p>L’ensemble de ces documents permet de gérer efficacement la structure et d’optimiser la gestion des places dans les différents services.</p>



<p>Toute réservation non annulée est facturée</p>



<p>Plus de renseignements sur www.culoz-beon.fr</p>



<p>ou au 04 79 87 76 79 &#8211; &#x65;&#115;&#x70;&#97;c&#x65;&#45;l&#x6f;&#105;&#x73;&#x69;r&#x73;&#64;c&#x75;&#108;&#x6f;&#x7a;-&#x62;&#101;o&#x6e;&#46;f&#x72;</p>



<h4 class="wp-block-heading" id="retrouvez-la-nouvelle-plaquette-de-la-structure-883ce27e-84cf-41d3-8547-e36b59b3f7e7">Retrouvez la nouvelle plaquette de la structure</h4>



<p></p>



<div class="wp-block-file bouton-bleu"><a href="https://culoz-beon.fr/wp-content/uploads/2023/06/Plaquette-Espace-Enfance-du-Colombier.pdf" class="wp-block-file__button wp-element-button" download>Plaquette-Espace-Enfance-du-Colombier</a></div>



<div class="wp-block-advgb-columns advgb-columns-wrapper" id="advgb-cols-0b4833ff-2c4e-4a2c-bce6-e8c10f731c42"><div class="advgb-columns-container"><div class="advgb-columns advgb-columns-row advgb-is-mobile advgb-columns-2 layout-12-12 mbl-layout-stacked gutter-50 vgutter-10">
<div class="wp-block-advgb-column advgb-column" id="advgb-col-ad11112d-7856-4afa-8e2e-8b486b022053"><div class="advgb-column-inner" style="border-style:dotted;border-color:#0693e3;border-width:13px">
<h2 class="wp-block-heading has-text-align-center">Adresse</h2>



<p class="has-text-align-center">Allée du Parc</p>



<p class="has-text-align-center">Culoz</p>



<p class="has-text-align-center">01350 CULOZ-BEON</p>



<p></p>
</div></div>



<div class="wp-block-advgb-column advgb-column" id="advgb-col-c92451ae-02f4-4679-a7b2-2a5007336c64"><div class="advgb-column-inner" style="border-style:inset;border-color:#0693e3;border-width:12px">
<h2 class="wp-block-heading has-text-align-center">Contact</h2>



<p class="has-text-align-center">04 79 87 76 79 / 06 09 27 51 32</p>



<p class="has-text-align-center">&#x65;&#115;&#112;a&#x63;&#x65;&#45;l&#x6f;&#x69;&#115;i&#x72;&#x73;&#64;c&#x75;&#x6c;&#111;z&#x2d;&#x62;&#101;o&#x6e;&#x2e;&#102;&#114;</p>



<p></p>
</div></div>
</div></div></div>
<style class="advgb-styles-renderer">#advgb-cols-0b4833ff-2c4e-4a2c-bce6-e8c10f731c42{}@media screen and (max-width: 1023px) {#advgb-cols-0b4833ff-2c4e-4a2c-bce6-e8c10f731c42{}}@media screen and (max-width: 767px) {#advgb-cols-0b4833ff-2c4e-4a2c-bce6-e8c10f731c42{}}#advgb-col-ad11112d-7856-4afa-8e2e-8b486b022053>.advgb-column-inner{}@media screen and (max-width: 1023px) {#advgb-col-ad11112d-7856-4afa-8e2e-8b486b022053>.advgb-column-inner{}}@media screen and (max-width: 767px) {#advgb-col-ad11112d-7856-4afa-8e2e-8b486b022053>.advgb-column-inner{}}#advgb-col-c92451ae-02f4-4679-a7b2-2a5007336c64>.advgb-column-inner{}@media screen and (max-width: 1023px) {#advgb-col-c92451ae-02f4-4679-a7b2-2a5007336c64>.advgb-column-inner{}}@media screen and (max-width: 767px) {#advgb-col-c92451ae-02f4-4679-a7b2-2a5007336c64>.advgb-column-inner{}}</style>

<p>Périscolaire Site de Culoz Il fonctionne : les lundi, mardi, jeudi vendredi de 7h à 8h35de 11h35 à 12h45de 16h25 à 18h30 Le mercredi de 7h15 à 18h15 L’enfant est accueilli dans l’année de ses 4 ans. Possibilités d’accueil : Accueil en journée avec ou sans repas,Accueil le matin avec ou sans repas,Accueil l’après-midi avec [&hellip;]</p>

Publié 7 ans il y a

Mis à jour 3 jours il y a

Publié le 20 juin 2019

Mise à jour le 27 avril 2026

Publié le 20 juin 2019 11 h 23 min

Mise à jour le 27 avril 2026 16 h 11 min
