{"id":7085,"date":"2023-11-14T14:25:35","date_gmt":"2023-11-14T13:25:35","guid":{"rendered":"https:\/\/culoz-beon.fr\/?page_id=7085"},"modified":"2023-12-05T11:47:15","modified_gmt":"2023-12-05T10:47:15","slug":"recensement-militaire","status":"publish","type":"page","link":"https:\/\/culoz-beon.fr\/?page_id=7085","title":{"rendered":"Recensement militaire"},"content":{"rendered":"\n<figure class=\"wp-block-gallery columns-1 is-cropped wp-block-gallery-1\"><ul class=\"blocks-gallery-grid\"><li class=\"blocks-gallery-item\"><figure><img loading=\"lazy\" decoding=\"async\" width=\"869\" height=\"617\" src=\"https:\/\/culoz-beon.fr\/wp-content\/uploads\/2023\/01\/869_617_1_image1.png\" alt=\"\" data-id=\"6201\" data-full-url=\"https:\/\/culoz-beon.fr\/wp-content\/uploads\/2023\/01\/869_617_1_image1.png\" data-link=\"https:\/\/culoz-beon.fr\/?attachment_id=6201\" class=\"wp-image-6201 is-layout-flex wp-block-gallery-is-layout-flex\" srcset=\"https:\/\/culoz-beon.fr\/wp-content\/uploads\/2023\/01\/869_617_1_image1.png 869w, https:\/\/culoz-beon.fr\/wp-content\/uploads\/2023\/01\/869_617_1_image1-300x213.png 300w, https:\/\/culoz-beon.fr\/wp-content\/uploads\/2023\/01\/869_617_1_image1-768x545.png 768w, https:\/\/culoz-beon.fr\/wp-content\/uploads\/2023\/01\/869_617_1_image1-24x17.png 24w, https:\/\/culoz-beon.fr\/wp-content\/uploads\/2023\/01\/869_617_1_image1-36x26.png 36w, https:\/\/culoz-beon.fr\/wp-content\/uploads\/2023\/01\/869_617_1_image1-48x34.png 48w\" sizes=\"(max-width: 869px) 100vw, 869px\" \/><\/figure><\/li><\/ul><\/figure>\n\n\n\n<p>Les jeunes gens de nationalit\u00e9 fran\u00e7aise habitant Culoz et B\u00e9on sont tenus de se faire recenser \u00e0 la Mairie de Culoz d\u00e8s leur 16\u00e8me anniversaire. Une attestation leur sera remise.<\/p>\n\n\n\n<h5 class=\"wp-block-heading\">Pi\u00e8ces justificatives<\/h5>\n\n\n\n<ul><li>le livret de famille<\/li><li>une pi\u00e8ce d\u2019identit\u00e9<\/li><\/ul>\n","protected":false},"excerpt":{"rendered":"<p>Les jeunes gens de nationalit\u00e9 fran\u00e7aise habitant Culoz et B\u00e9on sont tenus de se faire recenser \u00e0 la Mairie de Culoz d\u00e8s leur 16\u00e8me anniversaire. Une attestation leur sera remise. Pi\u00e8ces justificatives le livret de famille une pi\u00e8ce d\u2019identit\u00e9<\/p>\n","protected":false},"author":3,"featured_media":0,"parent":0,"menu_order":0,"comment_status":"closed","ping_status":"closed","template":"","meta":{"advgb_blocks_editor_width":"","advgb_blocks_columns_visual_guide":"","footnotes":""},"coauthors":[],"author_meta":{"author_link":"https:\/\/culoz-beon.fr\/?author=3","display_name":"Sophie Rubin-Delanchy"},"relative_dates":{"created":"Publi\u00e9 2 ans il y a","modified":"Mis \u00e0 jour 2 ans il y a"},"absolute_dates":{"created":"Publi\u00e9 le 14 novembre 2023","modified":"Mise \u00e0 jour le 5 d\u00e9cembre 2023"},"absolute_dates_time":{"created":"Publi\u00e9 le 14 novembre 2023 14 h 25 min","modified":"Mise \u00e0 jour le 5 d\u00e9cembre 2023 11 h 47 min"},"featured_img_caption":"","featured_img":false,"series_order":"","_links":{"self":[{"href":"https:\/\/culoz-beon.fr\/index.php?rest_route=\/wp\/v2\/pages\/7085"}],"collection":[{"href":"https:\/\/culoz-beon.fr\/index.php?rest_route=\/wp\/v2\/pages"}],"about":[{"href":"https:\/\/culoz-beon.fr\/index.php?rest_route=\/wp\/v2\/types\/page"}],"author":[{"embeddable":true,"href":"https:\/\/culoz-beon.fr\/index.php?rest_route=\/wp\/v2\/users\/3"}],"replies":[{"embeddable":true,"href":"https:\/\/culoz-beon.fr\/index.php?rest_route=%2Fwp%2Fv2%2Fcomments&post=7085"}],"version-history":[{"count":2,"href":"https:\/\/culoz-beon.fr\/index.php?rest_route=\/wp\/v2\/pages\/7085\/revisions"}],"predecessor-version":[{"id":7422,"href":"https:\/\/culoz-beon.fr\/index.php?rest_route=\/wp\/v2\/pages\/7085\/revisions\/7422"}],"wp:attachment":[{"href":"https:\/\/culoz-beon.fr\/index.php?rest_route=%2Fwp%2Fv2%2Fmedia&parent=7085"}],"curies":[{"name":"wp","href":"https:\/\/api.w.org\/{rel}","templated":true}]}}

<figure class="wp-block-gallery columns-1 is-cropped wp-block-gallery-1"><ul class="blocks-gallery-grid"><li class="blocks-gallery-item"><figure><img loading="lazy" decoding="async" width="869" height="617" src="https://culoz-beon.fr/wp-content/uploads/2023/01/869_617_1_image1.png" alt="" data-id="6201" data-full-url="https://culoz-beon.fr/wp-content/uploads/2023/01/869_617_1_image1.png" data-link="https://culoz-beon.fr/?attachment_id=6201" class="wp-image-6201 is-layout-flex wp-block-gallery-is-layout-flex" srcset="https://culoz-beon.fr/wp-content/uploads/2023/01/869_617_1_image1.png 869w, https://culoz-beon.fr/wp-content/uploads/2023/01/869_617_1_image1-300x213.png 300w, https://culoz-beon.fr/wp-content/uploads/2023/01/869_617_1_image1-768x545.png 768w, https://culoz-beon.fr/wp-content/uploads/2023/01/869_617_1_image1-24x17.png 24w, https://culoz-beon.fr/wp-content/uploads/2023/01/869_617_1_image1-36x26.png 36w, https://culoz-beon.fr/wp-content/uploads/2023/01/869_617_1_image1-48x34.png 48w" sizes="(max-width: 869px) 100vw, 869px" /></figure></li></ul></figure>



<p>Les jeunes gens de nationalité française habitant Culoz et Béon sont tenus de se faire recenser à la Mairie de Culoz dès leur 16ème anniversaire. Une attestation leur sera remise.</p>



<h5 class="wp-block-heading">Pièces justificatives</h5>



<ul><li>le livret de famille</li><li>une pièce d’identité</li></ul>

<p>Les jeunes gens de nationalité française habitant Culoz et Béon sont tenus de se faire recenser à la Mairie de Culoz dès leur 16ème anniversaire. Une attestation leur sera remise. Pièces justificatives le livret de famille une pièce d’identité</p>

Publié 2 ans il y a

Mis à jour 2 ans il y a

Publié le 14 novembre 2023

Mise à jour le 5 décembre 2023

Publié le 14 novembre 2023 14 h 25 min

Mise à jour le 5 décembre 2023 11 h 47 min
