{"id":500,"date":"2019-03-22T15:08:36","date_gmt":"2019-03-22T14:08:36","guid":{"rendered":"http:\/\/culoz.fr\/dvlpt\/?page_id=500"},"modified":"2023-01-27T09:52:14","modified_gmt":"2023-01-27T08:52:14","slug":"points-dinteret-et-activites","status":"publish","type":"page","link":"https:\/\/culoz-beon.fr\/?page_id=500","title":{"rendered":"Points d&rsquo;int\u00e9r\u00eat et activit\u00e9s"},"content":{"rendered":"\n<section class=\"wp-block-uagb-section uagb-section__wrap uagb-section__background-image alignfull uagb-block-2f6dcc43\"><div class=\"uagb-section__overlay\"><\/div><div class=\"uagb-section__inner-wrap\">\n\n<h1 class=\"titre-page-bandeau wp-block-heading\">Points d&rsquo;int\u00e9r\u00eat et activit\u00e9s<\/h1>\n\n<\/div><\/section>\n\n\n\n<h2 class=\"wp-block-heading\">Visite historique de la commune historique de Culoz<\/h2>\n\n\n\n<p>Une visite historique de la commune historique de Culoz est possible en autonomie en suivant les panneaux d&rsquo;informations diss\u00e9min\u00e9s en ville. <\/p>\n\n\n\n<p>Une visite guid\u00e9e est organis\u00e9e par l&rsquo;office de tourisme Bugey Sud l&rsquo;\u00e9t\u00e9.<\/p>\n\n\n\n<p><\/p>\n\n\n\n<h2 class=\"wp-block-heading\">Maison du marais de Lavours<\/h2>\n\n\n\n<p>La r\u00e9serve naturelle du marais de Lavours vous accueille pour d\u00e9couvrir cet \u00e9crin de nature exceptionnel. <\/p>\n\n\n\n<h2 class=\"wp-block-heading\">GR9 et le sommet du Grand Colombier<\/h2>\n\n\n\n<p> class\u00e9 3 \u00e9toiles au guide Michelin avec un panorama \u00e0 360\u00b0 donnant notamment sur le Mont Blanc et les 3 lacs : du Bourget, d&rsquo;Annecy et le lac L\u00e9man.<\/p>\n\n\n\n<h2 class=\"wp-block-heading\">Observatoire du Fenestrez<\/h2>\n\n\n\n<p><a href=\"https:\/\/voyages.michelin.fr\/europe\/france\/rhone-alpes\/ain\/culoz\/observatoire-du-fenestrez\" target=\"_blank\" rel=\"noreferrer noopener\">Class\u00e9 2 \u00e9toiles au guide vert Michelin<\/a> avec sa table d&rsquo;orientation, l&rsquo;observatoire du Fenestez, situ\u00e9 sur les pentes du Grand Colombier, offre une vue magnifique sur le Rh\u00f4ne et le lac du Bourget.<\/p>\n\n\n\n<h2 class=\"wp-block-heading\">L&rsquo;abbaye de Hautecombe<\/h2>\n\n\n\n<p>\u00c0 quelques pas de Culoz, en surplomb du lac du Bourget, le site historique de l&rsquo;abbaye de Hautecombe propose un voyage passionnant dans l&rsquo;histoire. <\/p>\n\n\n\n<h2 class=\"wp-block-heading\">Le lac du Bourget<\/h2>\n\n\n\n<p>Plus grand lac naturel d&rsquo;Europe, le lac du Bourget permet la pratique de nombreuses activit\u00e9s telles que nautisme, activit\u00e9s de nature, randonn\u00e9es et balades. <a href=\"https:\/\/www.savoie-mont-blanc.com\/Decouvrir\/Explorer\/A-visiter\/Le-Lac-du-Bourget-le-plus-sauvage\" target=\"_blank\" rel=\"noreferrer noopener\">Apprenez-en plus en cliquant ici<\/a><\/p>\n\n\n\n<h2 class=\"wp-block-heading\">Les vignobles dont le Domaine de Bel-Air<\/h2>\n\n\n\n<p>Le vignoble du Bugey est riche d&rsquo;une grande diversit\u00e9 de vins en raison des paysages et reliefs vari\u00e9s de la r\u00e9gion. Surplombant Culoz, le Domaine de Bel-Air a r\u00e9cemment \u00e9t\u00e9 repris et produit des vins de qualit\u00e9 \u00e0 d\u00e9couvrir. <a href=\"https:\/\/www.belairgrandcolombier.com\" target=\"_blank\" rel=\"noreferrer noopener\">D\u00e9couvrez en plus sur le site du domaine<\/a><\/p>\n\n\n\n<h2 class=\"wp-block-heading\">Le cyclotourisme<\/h2>\n\n\n\n<p>Culoz et ses environs sont riches de nombreuses balades \u00e0 v\u00e9lo, avec notamment la Via Rh\u00f4na ou les Chemins du Soleil. <a rel=\"noreferrer noopener\" href=\"http:\/\/www.bugeyvelo.com\/\" target=\"_blank\">D\u00e9couvrez toutes les possibilit\u00e9s sur le site Bugey V\u00e9lo en cliquant ici<\/a><\/p>\n\n\n\n<h2 class=\"wp-block-heading\">Pratique du kayak sur le Rh\u00f4ne et les lacs<\/h2>\n\n\n\n<p>La pratique du kayak dans la r\u00e9gion permet de magnifiques \u00e9chapp\u00e9es entre les lacs et le Rh\u00f4ne. D\u00e9couvrez en plus sur le site <a href=\"https:\/\/kayakrhonelacs.com\">https:\/\/kayakrhonelacs.com<\/a><\/p>\n\n\n\n<h2 class=\"wp-block-heading\">Le chemin de Saint Jacques de Compostelle<\/h2>\n\n\n\n<p>Le chemin de Saint Jacques de Compostelle passe \u00e0 proximit\u00e9 de Culoz. <a href=\"https:\/\/bugeysud-tourisme.fr\/noesit\/!\/fiche\/le-chemin-de-saint-jacques-de-compostelle-gr-65-141752\/\" target=\"_blank\" rel=\"noreferrer noopener\">Retrouvez plus d&rsquo;informations sur le site de l&rsquo;office de tourisme Bugey Sud en cliquant ici<\/a><\/p>\n","protected":false},"excerpt":{"rendered":"<p>Visite historique de la commune historique de Culoz Une visite historique de la commune historique de Culoz est possible en autonomie en suivant les panneaux d&rsquo;informations diss\u00e9min\u00e9s en ville. Une visite guid\u00e9e est organis\u00e9e par l&rsquo;office de tourisme Bugey Sud l&rsquo;\u00e9t\u00e9. Maison du marais de Lavours La r\u00e9serve naturelle du marais de Lavours vous accueille [&hellip;]<\/p>\n","protected":false},"author":1,"featured_media":0,"parent":0,"menu_order":0,"comment_status":"closed","ping_status":"closed","template":"","meta":{"advgb_blocks_editor_width":"","advgb_blocks_columns_visual_guide":"","footnotes":""},"coauthors":[],"author_meta":{"author_link":"https:\/\/culoz-beon.fr\/?author=1","display_name":"culozfreyoculoz"},"relative_dates":{"created":"Publi\u00e9 7 ans il y a","modified":"Mis \u00e0 jour 3 ans il y a"},"absolute_dates":{"created":"Publi\u00e9 le 22 mars 2019","modified":"Mise \u00e0 jour le 27 janvier 2023"},"absolute_dates_time":{"created":"Publi\u00e9 le 22 mars 2019 15 h 08 min","modified":"Mise \u00e0 jour le 27 janvier 2023 9 h 52 min"},"featured_img_caption":"","featured_img":false,"series_order":"","_links":{"self":[{"href":"https:\/\/culoz-beon.fr\/index.php?rest_route=\/wp\/v2\/pages\/500"}],"collection":[{"href":"https:\/\/culoz-beon.fr\/index.php?rest_route=\/wp\/v2\/pages"}],"about":[{"href":"https:\/\/culoz-beon.fr\/index.php?rest_route=\/wp\/v2\/types\/page"}],"author":[{"embeddable":true,"href":"https:\/\/culoz-beon.fr\/index.php?rest_route=\/wp\/v2\/users\/1"}],"replies":[{"embeddable":true,"href":"https:\/\/culoz-beon.fr\/index.php?rest_route=%2Fwp%2Fv2%2Fcomments&post=500"}],"version-history":[{"count":25,"href":"https:\/\/culoz-beon.fr\/index.php?rest_route=\/wp\/v2\/pages\/500\/revisions"}],"predecessor-version":[{"id":6414,"href":"https:\/\/culoz-beon.fr\/index.php?rest_route=\/wp\/v2\/pages\/500\/revisions\/6414"}],"wp:attachment":[{"href":"https:\/\/culoz-beon.fr\/index.php?rest_route=%2Fwp%2Fv2%2Fmedia&parent=500"}],"curies":[{"name":"wp","href":"https:\/\/api.w.org\/{rel}","templated":true}]}}