{"id":4913,"date":"2021-10-14T16:56:18","date_gmt":"2021-10-14T14:56:18","guid":{"rendered":"https:\/\/culoz.fr\/?page_id=4913"},"modified":"2021-10-15T09:41:51","modified_gmt":"2021-10-15T07:41:51","slug":"vide-maison","status":"publish","type":"page","link":"https:\/\/culoz-beon.fr\/?page_id=4913","title":{"rendered":"Vide maison"},"content":{"rendered":"\n<p><\/p>\n\n\n\n<figure class=\"wp-block-image\"><img decoding=\"async\" src=\"https:\/\/ville-amberieuenbugey.fr\/local\/cache-vignettes\/L800xH538\/arton1270-dc363.jpg?1633956524\" alt=\"\"\/><\/figure>\n\n\n\n<p>Un particulier est autoris\u00e9 \u00e0 effectuer une vente au d\u00e9ballage \u00e0 son domicile. Cela peut s\u2019appeler un vide-maison, vide appartement, vide-garage, vide-dressing, &#8230;<\/p>\n\n\n\n<p>Mais attention de respecter quelques r\u00e8gles pour son bon d\u00e9roulement.<br>D\u00e9clarer \u00e0 la mairie son vide-maison&nbsp;:<\/p>\n\n\n\n<p>Un vide-maison suit la l\u00e9gislation de la vente au d\u00e9ballage. Vous devez donc, faire une demande en remplissant le formulaire \u00ab&nbsp;vente au d\u00e9ballage&nbsp;\u00bb ci-apr\u00e8s&nbsp;:<\/p>\n\n\n\n<div class=\"wp-block-file bouton-bleu\"><a href=\"https:\/\/culoz-beon.fr\/wp-content\/uploads\/2021\/10\/DECLARATION-PREALABLE-vide-maison.pdf\" class=\"wp-block-file__button\" download>D\u00e9claration pr\u00e9alable vide maison<\/a><\/div>\n\n\n\n<div class=\"wp-block-file bouton-bleu\"><a href=\"https:\/\/culoz-beon.fr\/wp-content\/uploads\/2021\/10\/vide_maison_attestation.docx\" class=\"wp-block-file__button\" download>Attestation sur l&rsquo;honneur<\/a><\/div>\n\n\n\n<p>Le formulaire devra \u00eatre envoy\u00e9 au minimum 1 mois avant la date pr\u00e9vue \u00e0 la Police municipale de Culoz&nbsp;: mair&#105;&#101;&#64;&#99;&#117;&#108;&#111;&#x7a;&#x2d;&#x62;&#x65;&#x6f;&#x6e;&#x2e;&#x66;&#x72;<\/p>\n\n\n\n<p><strong>Pi\u00e8ces \u00e0 fournir avec votre formulaire d\u00fbment rempli&nbsp;:<br><\/strong><\/p>\n\n\n\n<ul><li>pi\u00e8ce d\u2019identit\u00e9 Recto\/Verso<\/li><li>attestation sur l\u2019honneur indiquant le nombre de ventes au d\u00e9ballages d\u00e9j\u00e0 organis\u00e9es<br>(pas plus de 2 par an voir informations suppl\u00e9mentaires ci-dessous)<\/li><\/ul>\n\n\n\n<p><\/p>\n\n\n\n<p>Attention si cela n\u2019est pas fait, vous risquez une amende pouvant aller jusqu\u2019\u00e0 15 000 \u20ac.<\/p>\n\n\n\n<p><\/p>\n\n\n\n<p><strong>Respecter la l\u00e9gislation des vide-maisons<\/strong><\/p>\n\n\n\n<ul><li>Avant de communiquer sur votre vide-maison, attendez l\u2019acceptation de la Mairie.<\/li><li>Ne d\u00e9passez pas plus de 2 d\u00e9ballages par an (vide-greniers compris). La loi n\u2019autorise le particulier qu\u2019\u00e0 faire deux ventes de biens d\u2019occasions par an qui ne doivent pas d\u00e9passer une dur\u00e9e de 2 mois sur le m\u00eame lieu. Le non-respect de la dur\u00e9e autoris\u00e9e est puni d\u2019une amende de 1 500 \u20ac qui peut atteindre 3 000 \u20ac en cas de r\u00e9cidive.<br>Sachez aussi que votre vide maison peut se d\u00e9rouler sur plusieurs jours cons\u00e9cutifs et sera consid\u00e9r\u00e9 comme un seul d\u00e9ballage.<br>Exemple&nbsp;:<br><em>&#8211; Vide-maison du 1<sup>er<\/sup> au 15 ao\u00fbt et du 1<sup>er<\/sup> au 15 septembre = ok, 2 d\u00e9ballages<\/em><\/li><li><em>Vide-appartement les week-end du 11-12 juillet et du 18-19 juillet = ok, 2 d\u00e9ballages<\/em><\/li><li><em>Vide-garage du 1<sup>er<\/sup> juillet au 30 septembre = NON (p\u00e9riode sup\u00e9rieure \u00e0 2 mois)<\/em><\/li><li><em>Vide-placard&nbsp;: les 1<sup>er<\/sup>-4-6-8-10-12 juillet = NON (plus de 2 plages de dates)<\/em><\/li><li><em>Ne vendez que vos objets personnels et usag\u00e9s. La vente d\u2019articles neufs ou de denr\u00e9es alimentaires est interdite si vous n\u2019avez pas un statut professionnel.<\/em><\/li><li><em>Ne d\u00e9bordez pas sur la voie publique<br>\u2003<\/em>\u2003<\/li><\/ul>\n\n\n\n<p><strong>Pour une bonne organisation d\u2019un vide-maison<\/strong><\/p>\n\n\n\n<p>Quelques conseils pour bien pr\u00e9parer et r\u00e9ussir votre vide-grenier priv\u00e9&nbsp;:<\/p>\n\n\n\n<ul><li>Planifiez votre vide-maison au moins deux mois \u00e0 l\u2019avance pour avoir le temps de faire les d\u00e9marches administratives et avoir l\u2019accord de la mairie.<\/li><li>Pr\u00e9venez vos voisins pour la g\u00eane que cela risque d\u2019occasionner.<\/li><li>Pr\u00e9voyez suffisamment de biens \u00e0 vendre et estimez leurs valeurs au pr\u00e9alable.<\/li><li>Mettez en \u00e9vidence les objets \u00e0 vendre en les stockant dans un lieu pr\u00e9d\u00e9fini (ex&nbsp;: garage, jardin, salon, &#8230;)<\/li><li>Pensez \u00e0 stocker dans une pi\u00e8ce ferm\u00e9e \u00e0 clef ce que vous ne vendez pas pour \u00e9viter d\u2019\u00e9ventuels vols ou de la casse.<\/li><li>Demandez de l\u2019aide \u00e0 vos proches pour g\u00e9rer l\u2019affluence le jour J.<\/li><\/ul>\n","protected":false},"excerpt":{"rendered":"<p>Un particulier est autoris\u00e9 \u00e0 effectuer une vente au d\u00e9ballage \u00e0 son domicile. Cela peut s\u2019appeler un vide-maison, vide appartement, vide-garage, vide-dressing, &#8230; Mais attention de respecter quelques r\u00e8gles pour son bon d\u00e9roulement.D\u00e9clarer \u00e0 la mairie son vide-maison&nbsp;: Un vide-maison suit la l\u00e9gislation de la vente au d\u00e9ballage. Vous devez donc, faire une demande en [&hellip;]<\/p>\n","protected":false},"author":3,"featured_media":0,"parent":0,"menu_order":0,"comment_status":"closed","ping_status":"closed","template":"","meta":{"advgb_blocks_editor_width":"","advgb_blocks_columns_visual_guide":"","footnotes":""},"coauthors":[],"author_meta":{"author_link":"https:\/\/culoz-beon.fr\/?author=3","display_name":"Sophie Rubin-Delanchy"},"relative_dates":{"created":"Publi\u00e9 5 ans il y a","modified":"Mis \u00e0 jour 5 ans il y a"},"absolute_dates":{"created":"Publi\u00e9 le 14 octobre 2021","modified":"Mise \u00e0 jour le 15 octobre 2021"},"absolute_dates_time":{"created":"Publi\u00e9 le 14 octobre 2021 16 h 56 min","modified":"Mise \u00e0 jour le 15 octobre 2021 9 h 41 min"},"featured_img_caption":"","featured_img":false,"series_order":"","_links":{"self":[{"href":"https:\/\/culoz-beon.fr\/index.php?rest_route=\/wp\/v2\/pages\/4913"}],"collection":[{"href":"https:\/\/culoz-beon.fr\/index.php?rest_route=\/wp\/v2\/pages"}],"about":[{"href":"https:\/\/culoz-beon.fr\/index.php?rest_route=\/wp\/v2\/types\/page"}],"author":[{"embeddable":true,"href":"https:\/\/culoz-beon.fr\/index.php?rest_route=\/wp\/v2\/users\/3"}],"replies":[{"embeddable":true,"href":"https:\/\/culoz-beon.fr\/index.php?rest_route=%2Fwp%2Fv2%2Fcomments&post=4913"}],"version-history":[{"count":8,"href":"https:\/\/culoz-beon.fr\/index.php?rest_route=\/wp\/v2\/pages\/4913\/revisions"}],"predecessor-version":[{"id":4926,"href":"https:\/\/culoz-beon.fr\/index.php?rest_route=\/wp\/v2\/pages\/4913\/revisions\/4926"}],"wp:attachment":[{"href":"https:\/\/culoz-beon.fr\/index.php?rest_route=%2Fwp%2Fv2%2Fmedia&parent=4913"}],"curies":[{"name":"wp","href":"https:\/\/api.w.org\/{rel}","templated":true}]}}