{"id":4023,"date":"2020-12-03T08:43:07","date_gmt":"2020-12-03T07:43:07","guid":{"rendered":"https:\/\/culoz.fr\/?page_id=4023"},"modified":"2020-12-15T09:25:30","modified_gmt":"2020-12-15T08:25:30","slug":"algunas-palabras-sobre-culoz","status":"publish","type":"page","link":"https:\/\/culoz-beon.fr\/?page_id=4023","title":{"rendered":"Algunas palabras sobre Culoz"},"content":{"rendered":"\n<p>Culoz es una ciudad con gran pluralidad cultural que siempre ha sido poblada. Encuentre al hombre de Culoz que fue el primer habitante de la \u00e1rea, 7600 a\u00f1os antes de Cristo. Descubra el per\u00edodo romano con su estela, luego la Edad Media con las ruinas del castillo Sarraceno y su fortaleza. M\u00e1s recientemente, encuentre a los hermanos Serpollet que fueron precursores del autom\u00f3vil moderno e inventaron el autom\u00f3vil de vapor. Culoz es la ciudad favorita de Henri Dunant, fundador de la Cruz Roja y primer Premio Nobel de la Paz. Adopt\u00f3 la nacionalidad francesa aqu\u00ed en 1859.<\/p>\n\n\n\n<figure class=\"wp-block-image size-large is-resized\"><img loading=\"lazy\" decoding=\"async\" src=\"https:\/\/culoz-beon.fr\/wp-content\/uploads\/2019\/10\/chateau-1024x768.jpg\" alt=\"\" class=\"wp-image-1314\" width=\"462\" height=\"347\" srcset=\"https:\/\/culoz-beon.fr\/wp-content\/uploads\/2019\/10\/chateau-1024x768.jpg 1024w, https:\/\/culoz-beon.fr\/wp-content\/uploads\/2019\/10\/chateau-300x225.jpg 300w, https:\/\/culoz-beon.fr\/wp-content\/uploads\/2019\/10\/chateau-768x576.jpg 768w, https:\/\/culoz-beon.fr\/wp-content\/uploads\/2019\/10\/chateau.jpg 1824w\" sizes=\"(max-width: 462px) 100vw, 462px\" \/><\/figure>\n\n\n\n<p>Si camina en el antiguo pueblo de Culoz en direcci\u00f3n al castillo, puede visitar la Casa del Patrimonio, antigua Rector\u00eda San Antonio que reagrupa la historia de Culoz y de sus habitantes.<\/p>\n\n\n\n<p>No obstante, Culoz es una ciudad de deportes y de naturaleza. Deportes porque ya sea que pasee a pie o en bicicleta, coge hermosos senderos, como el Jugeant donde se encuentra la piedra Levanaz que fue depositada aqu\u00ed durante la \u00faltima era de glaciaci\u00f3n. La \u00e1rea tambi\u00e9n le permite disfrutar de vistas panor\u00e1micas sobre las marismas de Lavours, el lago, el r\u00edo y las monta\u00f1as. Tambi\u00e9n puede ir al direcci\u00f3n del cuello del Fenestrez y descubrir sus vistas extraordinarias a gran altura (1150m).<\/p>\n\n\n\n<p>Puede tomar su bicicleta para ascender las pendientes del Grand Colombier, caminar en las carreteras para descubrir los paisajes pintorescos, pueblos y vi\u00f1edos en los alrededores o tomar la ViaRh\u00f4na. Tambi\u00e9n puede navegar en canoa sobre el corriente natural del Rh\u00f4ne o ba\u00f1arse en las balsas de agua a lo largo del r\u00edo.<\/p>\n\n\n\n<figure class=\"wp-block-image size-large is-resized\"><img loading=\"lazy\" decoding=\"async\" src=\"https:\/\/culoz-beon.fr\/wp-content\/uploads\/2019\/02\/vue_colombier-1024x768.jpg\" alt=\"\" class=\"wp-image-58\" width=\"449\" height=\"337\" srcset=\"https:\/\/culoz-beon.fr\/wp-content\/uploads\/2019\/02\/vue_colombier-1024x768.jpg 1024w, https:\/\/culoz-beon.fr\/wp-content\/uploads\/2019\/02\/vue_colombier-300x225.jpg 300w, https:\/\/culoz-beon.fr\/wp-content\/uploads\/2019\/02\/vue_colombier-768x576.jpg 768w, https:\/\/culoz-beon.fr\/wp-content\/uploads\/2019\/02\/vue_colombier-1200x900.jpg 1200w, https:\/\/culoz-beon.fr\/wp-content\/uploads\/2019\/02\/vue_colombier-1400x1050.jpg 1400w, https:\/\/culoz-beon.fr\/wp-content\/uploads\/2019\/02\/vue_colombier.jpg 1500w\" sizes=\"(max-width: 449px) 100vw, 449px\" \/><\/figure>\n\n\n\n<p>Culoz es tambi\u00e9n una ciudad de naturaleza. Cerca de la Saboya, se encuentra a la confluencia de tres entidades paisaj\u00edsticas que se desmarcan por su diversidad y la escasez de su fauna y flora. La monta\u00f1a con el Grand Colombier, sus picos esplendidos y el bosque estatal de Culozque siempre ha sido mantenimiento. La marisma, con su fauna y flora que puede descubrir visitando la casa de la marisma y paseando el camino sobre pilotes. Observe los cisnes, patos, cangrejos, lucios, las ranas, carpas, lib\u00e9lulas, adem\u00e1s de las ca\u00f1as y otras plantas notables.<\/p>\n\n\n\n<p>No podemos decirlo todo sobre las riquezas naturales e hist\u00f3ricas. Desc\u00fabrales por si mismo!<\/p>\n","protected":false},"excerpt":{"rendered":"<p>Culoz es una ciudad con gran pluralidad cultural que siempre ha sido poblada. Encuentre al hombre de Culoz que fue el primer habitante de la \u00e1rea, 7600 a\u00f1os antes de Cristo. Descubra el per\u00edodo romano con su estela, luego la Edad Media con las ruinas del castillo Sarraceno y su fortaleza. M\u00e1s recientemente, encuentre a [&hellip;]<\/p>\n","protected":false},"author":3,"featured_media":0,"parent":0,"menu_order":0,"comment_status":"closed","ping_status":"closed","template":"","meta":{"advgb_blocks_editor_width":"","advgb_blocks_columns_visual_guide":"","footnotes":""},"coauthors":[],"author_meta":{"author_link":"https:\/\/culoz-beon.fr\/?author=3","display_name":"Sophie Rubin-Delanchy"},"relative_dates":{"created":"Publi\u00e9 5 ans il y a","modified":"Mis \u00e0 jour 5 ans il y a"},"absolute_dates":{"created":"Publi\u00e9 le 3 d\u00e9cembre 2020","modified":"Mise \u00e0 jour le 15 d\u00e9cembre 2020"},"absolute_dates_time":{"created":"Publi\u00e9 le 3 d\u00e9cembre 2020 8 h 43 min","modified":"Mise \u00e0 jour le 15 d\u00e9cembre 2020 9 h 25 min"},"featured_img_caption":"","featured_img":false,"series_order":"","_links":{"self":[{"href":"https:\/\/culoz-beon.fr\/index.php?rest_route=\/wp\/v2\/pages\/4023"}],"collection":[{"href":"https:\/\/culoz-beon.fr\/index.php?rest_route=\/wp\/v2\/pages"}],"about":[{"href":"https:\/\/culoz-beon.fr\/index.php?rest_route=\/wp\/v2\/types\/page"}],"author":[{"embeddable":true,"href":"https:\/\/culoz-beon.fr\/index.php?rest_route=\/wp\/v2\/users\/3"}],"replies":[{"embeddable":true,"href":"https:\/\/culoz-beon.fr\/index.php?rest_route=%2Fwp%2Fv2%2Fcomments&post=4023"}],"version-history":[{"count":2,"href":"https:\/\/culoz-beon.fr\/index.php?rest_route=\/wp\/v2\/pages\/4023\/revisions"}],"predecessor-version":[{"id":4083,"href":"https:\/\/culoz-beon.fr\/index.php?rest_route=\/wp\/v2\/pages\/4023\/revisions\/4083"}],"wp:attachment":[{"href":"https:\/\/culoz-beon.fr\/index.php?rest_route=%2Fwp%2Fv2%2Fmedia&parent=4023"}],"curies":[{"name":"wp","href":"https:\/\/api.w.org\/{rel}","templated":true}]}}