{"id":2767,"date":"2020-03-24T15:00:31","date_gmt":"2020-03-24T14:00:31","guid":{"rendered":"https:\/\/culoz.fr\/?page_id=2767"},"modified":"2025-06-26T09:18:50","modified_gmt":"2025-06-26T07:18:50","slug":"organismes-et-logements-sociaux","status":"publish","type":"page","link":"https:\/\/culoz-beon.fr\/?page_id=2767","title":{"rendered":"Organismes et logements sociaux"},"content":{"rendered":"\n<p><\/p>\n\n\n\n<h1 class=\"wp-block-heading\">Organismes et logements sociaux<\/h1>\n\n\n\n<div class=\"wp-block-advgb-columns advgb-columns-wrapper\" id=\"advgb-cols-e6b8710c-79f7-4dee-9040-2a90686fc60c\"><div class=\"advgb-columns-container\"><div class=\"advgb-columns advgb-columns-row advgb-is-mobile columns-valign-middle advgb-columns-2 layout-12-12 mbl-layout-stacked gutter-50 vgutter-10\">\n<div class=\"wp-block-advgb-column advgb-column\" id=\"advgb-col-beb37be1-b149-40a2-a754-86f52b9b5a5b\"><div class=\"advgb-column-inner\" style=\"border-style:solid;border-width:1px\">\n<div class=\"wp-block-media-text is-stacked-on-mobile\" style=\"grid-template-columns:34% auto\"><figure class=\"wp-block-media-text__media\"><img loading=\"lazy\" decoding=\"async\" width=\"368\" height=\"132\" src=\"https:\/\/culoz-beon.fr\/wp-content\/uploads\/2024\/03\/telechargement.png\" alt=\"\" class=\"wp-image-7841 size-full\" srcset=\"https:\/\/culoz-beon.fr\/wp-content\/uploads\/2024\/03\/telechargement.png 368w, https:\/\/culoz-beon.fr\/wp-content\/uploads\/2024\/03\/telechargement-300x108.png 300w, https:\/\/culoz-beon.fr\/wp-content\/uploads\/2024\/03\/telechargement-24x9.png 24w, https:\/\/culoz-beon.fr\/wp-content\/uploads\/2024\/03\/telechargement-36x13.png 36w, https:\/\/culoz-beon.fr\/wp-content\/uploads\/2024\/03\/telechargement-48x17.png 48w\" sizes=\"(max-width: 368px) 100vw, 368px\" \/><\/figure><div class=\"wp-block-media-text__content\">\n<p><\/p>\n\n\n\n<p>55 rue de la mairie &#8211; Culoz<\/p>\n\n\n\n<p>01350 CULOZ-BEON<\/p>\n\n\n\n<p>04 74 45 59 62<\/p>\n\n\n\n<p>&#x6a;&#x2e;&#x67;&#x68;&#97;&#114;&#105;b&#64;&#x61;&#x64;&#x61;&#x70;&#x61;&#48;&#49;&#46;co&#x6d;<\/p>\n<\/div><\/div>\n<\/div><\/div>\n\n\n\n<div class=\"wp-block-advgb-column advgb-column\" id=\"advgb-col-8bd111ad-c7d2-44ac-aa8e-afd7227e22fd\"><div class=\"advgb-column-inner\" style=\"border-style:solid;border-width:1px\">\n<div class=\"wp-block-media-text is-stacked-on-mobile\" style=\"grid-template-columns:30% auto\"><figure class=\"wp-block-media-text__media\"><img loading=\"lazy\" decoding=\"async\" width=\"507\" height=\"486\" src=\"https:\/\/culoz-beon.fr\/wp-content\/uploads\/2024\/03\/5ee8be934900008c63c516f6.jpg\" alt=\"\" class=\"wp-image-7842 size-full\" srcset=\"https:\/\/culoz-beon.fr\/wp-content\/uploads\/2024\/03\/5ee8be934900008c63c516f6.jpg 507w, https:\/\/culoz-beon.fr\/wp-content\/uploads\/2024\/03\/5ee8be934900008c63c516f6-300x288.jpg 300w, https:\/\/culoz-beon.fr\/wp-content\/uploads\/2024\/03\/5ee8be934900008c63c516f6-24x24.jpg 24w, https:\/\/culoz-beon.fr\/wp-content\/uploads\/2024\/03\/5ee8be934900008c63c516f6-36x36.jpg 36w, https:\/\/culoz-beon.fr\/wp-content\/uploads\/2024\/03\/5ee8be934900008c63c516f6-48x46.jpg 48w\" sizes=\"(max-width: 507px) 100vw, 507px\" \/><\/figure><div class=\"wp-block-media-text__content\">\n<p><\/p>\n\n\n\n<p>37 rue de la R\u00e9publique<\/p>\n\n\n\n<p>01300 BELLEY<\/p>\n\n\n\n<p>04 79 87 06 77<\/p>\n<\/div><\/div>\n<\/div><\/div>\n<\/div><\/div><\/div>\n\n\n\n<div class=\"wp-block-advgb-columns advgb-columns-wrapper\" id=\"advgb-cols-a5a66811-e36e-41ba-8ff6-e80deb204df9\"><div class=\"advgb-columns-container\"><div class=\"advgb-columns advgb-columns-row advgb-is-mobile columns-valign-middle advgb-columns-2 layout-12-12 mbl-layout-stacked gutter-50 vgutter-10 columns-wrapped\">\n<div class=\"wp-block-advgb-column advgb-column\" id=\"advgb-col-9493d195-6c09-4fc9-9acd-d0b4a552faa4\"><div class=\"advgb-column-inner\" style=\"border-style:solid;border-width:1px\">\n<div class=\"wp-block-media-text is-stacked-on-mobile\" style=\"grid-template-columns:36% auto\"><figure class=\"wp-block-media-text__media\"><img loading=\"lazy\" decoding=\"async\" width=\"907\" height=\"588\" src=\"https:\/\/culoz-beon.fr\/wp-content\/uploads\/2024\/03\/5d3995f74e00000e96f112d3-1.png\" alt=\"\" class=\"wp-image-7844 size-full\" srcset=\"https:\/\/culoz-beon.fr\/wp-content\/uploads\/2024\/03\/5d3995f74e00000e96f112d3-1.png 907w, https:\/\/culoz-beon.fr\/wp-content\/uploads\/2024\/03\/5d3995f74e00000e96f112d3-1-300x194.png 300w, https:\/\/culoz-beon.fr\/wp-content\/uploads\/2024\/03\/5d3995f74e00000e96f112d3-1-768x498.png 768w, https:\/\/culoz-beon.fr\/wp-content\/uploads\/2024\/03\/5d3995f74e00000e96f112d3-1-24x16.png 24w, https:\/\/culoz-beon.fr\/wp-content\/uploads\/2024\/03\/5d3995f74e00000e96f112d3-1-36x23.png 36w, https:\/\/culoz-beon.fr\/wp-content\/uploads\/2024\/03\/5d3995f74e00000e96f112d3-1-48x31.png 48w\" sizes=\"(max-width: 907px) 100vw, 907px\" \/><\/figure><div class=\"wp-block-media-text__content\">\n<p><\/p>\n\n\n\n<p>04 79 81 53 75<\/p>\n\n\n\n<p>&#x6d;&#108;&#106;&#x2e;&#x73;&#121;&#108;&#x76;&#x69;&#101;&#64;&#x6d;&#x6c;&#106;&#98;&#x70;&#x61;&#46;&#102;&#x72;<\/p>\n\n\n\n<p>Permanences en mairie le mardi toute la journ\u00e9e sur rendez-vous<\/p>\n<\/div><\/div>\n<\/div><\/div>\n\n\n\n<div class=\"wp-block-advgb-column advgb-column\" id=\"advgb-col-b12b710e-2408-421f-886c-a815975a528b\"><div class=\"advgb-column-inner\" style=\"border-style:solid;border-width:1px\">\n<div class=\"wp-block-media-text is-stacked-on-mobile\" style=\"grid-template-columns:45% auto\"><figure class=\"wp-block-media-text__media\"><img loading=\"lazy\" decoding=\"async\" width=\"1024\" height=\"538\" src=\"https:\/\/culoz-beon.fr\/wp-content\/uploads\/2024\/03\/France_Services-1024x538.png\" alt=\"\" class=\"wp-image-7845 size-full\" srcset=\"https:\/\/culoz-beon.fr\/wp-content\/uploads\/2024\/03\/France_Services-1024x538.png 1024w, https:\/\/culoz-beon.fr\/wp-content\/uploads\/2024\/03\/France_Services-300x158.png 300w, https:\/\/culoz-beon.fr\/wp-content\/uploads\/2024\/03\/France_Services-768x403.png 768w, https:\/\/culoz-beon.fr\/wp-content\/uploads\/2024\/03\/France_Services-1536x806.png 1536w, https:\/\/culoz-beon.fr\/wp-content\/uploads\/2024\/03\/France_Services-24x13.png 24w, https:\/\/culoz-beon.fr\/wp-content\/uploads\/2024\/03\/France_Services-36x19.png 36w, https:\/\/culoz-beon.fr\/wp-content\/uploads\/2024\/03\/France_Services-48x25.png 48w, https:\/\/culoz-beon.fr\/wp-content\/uploads\/2024\/03\/France_Services.png 2000w\" sizes=\"(max-width: 1024px) 100vw, 1024px\" \/><\/figure><div class=\"wp-block-media-text__content\">\n<p><\/p>\n\n\n\n<p>Maison France Services<\/p>\n\n\n\n<p>170 avenue Paul Chastel<\/p>\n\n\n\n<p>01300 BELLEY<\/p>\n\n\n\n<p>04 57 29 81 50<\/p>\n\n\n\n<p>&#x6d;&#x66;&#x73;&#x40;&#99;&#99;&#98;ug&#x65;&#x79;&#x73;&#x75;&#x64;&#46;&#99;&#111;m<\/p>\n\n\n\n<p>Permanences \u00e0 Grosl\u00e9e St Benoit le mardi de 9h \u00e0 12h et \u00e0 Champagne en Valromey le jeudi de 9h \u00e0 12h<\/p>\n<\/div><\/div>\n<\/div><\/div>\n<\/div><\/div><\/div>\n\n\n\n<div class=\"wp-block-advgb-columns advgb-columns-wrapper\" id=\"advgb-cols-47c5c548-e0f3-4f64-bbe9-c3c035fc685f\"><div class=\"advgb-columns-container\"><div class=\"advgb-columns advgb-columns-row advgb-is-mobile columns-valign-middle advgb-columns-2 layout-12-12 mbl-layout-stacked gutter-50 vgutter-10\">\n<div class=\"wp-block-advgb-column advgb-column\" id=\"advgb-col-0e748794-9efe-4bf1-a346-dc987ab86aab\"><div class=\"advgb-column-inner\" style=\"border-style:solid;border-width:1px\">\n<div class=\"wp-block-media-text is-stacked-on-mobile\" style=\"grid-template-columns:44% auto\"><figure class=\"wp-block-media-text__media\"><img loading=\"lazy\" decoding=\"async\" width=\"1024\" height=\"531\" src=\"https:\/\/culoz-beon.fr\/wp-content\/uploads\/2024\/03\/2560px-Logo_Ain_2018.svg_-1024x531.png\" alt=\"\" class=\"wp-image-7846 size-full\" srcset=\"https:\/\/culoz-beon.fr\/wp-content\/uploads\/2024\/03\/2560px-Logo_Ain_2018.svg_-1024x531.png 1024w, https:\/\/culoz-beon.fr\/wp-content\/uploads\/2024\/03\/2560px-Logo_Ain_2018.svg_-300x156.png 300w, https:\/\/culoz-beon.fr\/wp-content\/uploads\/2024\/03\/2560px-Logo_Ain_2018.svg_-768x398.png 768w, https:\/\/culoz-beon.fr\/wp-content\/uploads\/2024\/03\/2560px-Logo_Ain_2018.svg_-1536x796.png 1536w, https:\/\/culoz-beon.fr\/wp-content\/uploads\/2024\/03\/2560px-Logo_Ain_2018.svg_-2048x1062.png 2048w, https:\/\/culoz-beon.fr\/wp-content\/uploads\/2024\/03\/2560px-Logo_Ain_2018.svg_-24x12.png 24w, https:\/\/culoz-beon.fr\/wp-content\/uploads\/2024\/03\/2560px-Logo_Ain_2018.svg_-36x19.png 36w, https:\/\/culoz-beon.fr\/wp-content\/uploads\/2024\/03\/2560px-Logo_Ain_2018.svg_-48x25.png 48w\" sizes=\"(max-width: 1024px) 100vw, 1024px\" \/><\/figure><div class=\"wp-block-media-text__content\">\n<p><\/p>\n\n\n\n<p>Pour appeler une assistance sociale ou prendre un rendez-vous faire le 3001 (4 chiffres simplement 3001)<\/p>\n\n\n\n<p><\/p>\n<\/div><\/div>\n<\/div><\/div>\n\n\n\n<div class=\"wp-block-advgb-column advgb-column\" id=\"advgb-col-d8077d50-400e-404e-9e71-8fc1c074bcfc\"><div class=\"advgb-column-inner\" style=\"border-style:solid;border-width:1px\">\n<div class=\"wp-block-media-text is-stacked-on-mobile\" style=\"grid-template-columns:34% auto\"><figure class=\"wp-block-media-text__media\"><img loading=\"lazy\" decoding=\"async\" width=\"1024\" height=\"1024\" src=\"https:\/\/culoz-beon.fr\/wp-content\/uploads\/2024\/03\/Logo_Croix-Rouge_Francaise-1024x1024.jpg\" alt=\"\" class=\"wp-image-7847 size-full\" srcset=\"https:\/\/culoz-beon.fr\/wp-content\/uploads\/2024\/03\/Logo_Croix-Rouge_Francaise-1024x1024.jpg 1024w, https:\/\/culoz-beon.fr\/wp-content\/uploads\/2024\/03\/Logo_Croix-Rouge_Francaise-300x300.jpg 300w, https:\/\/culoz-beon.fr\/wp-content\/uploads\/2024\/03\/Logo_Croix-Rouge_Francaise-150x150.jpg 150w, https:\/\/culoz-beon.fr\/wp-content\/uploads\/2024\/03\/Logo_Croix-Rouge_Francaise-768x768.jpg 768w, https:\/\/culoz-beon.fr\/wp-content\/uploads\/2024\/03\/Logo_Croix-Rouge_Francaise-1536x1536.jpg 1536w, https:\/\/culoz-beon.fr\/wp-content\/uploads\/2024\/03\/Logo_Croix-Rouge_Francaise-510x510.jpg 510w, https:\/\/culoz-beon.fr\/wp-content\/uploads\/2024\/03\/Logo_Croix-Rouge_Francaise-24x24.jpg 24w, https:\/\/culoz-beon.fr\/wp-content\/uploads\/2024\/03\/Logo_Croix-Rouge_Francaise-36x36.jpg 36w, https:\/\/culoz-beon.fr\/wp-content\/uploads\/2024\/03\/Logo_Croix-Rouge_Francaise-48x48.jpg 48w, https:\/\/culoz-beon.fr\/wp-content\/uploads\/2024\/03\/Logo_Croix-Rouge_Francaise.jpg 1589w\" sizes=\"(max-width: 1024px) 100vw, 1024px\" \/><\/figure><div class=\"wp-block-media-text__content\">\n<p><\/p>\n\n\n\n<p>Clos Poncet &#8211; Culoz<\/p>\n\n\n\n<p>01350 CULOZ-BEON<\/p>\n\n\n\n<p>06 85 30 69 06<\/p>\n\n\n\n<p>Permanence le lundi de 14h \u00e0 17h<\/p>\n<\/div><\/div>\n<\/div><\/div>\n<\/div><\/div><\/div>\n\n\n\n<p><\/p>\n\n\n\n<h2 class=\"wp-block-heading\">Logements <\/h2>\n\n\n\n<p><\/p>\n\n\n\n<p>Pour aider les habitants de la commune, la page de toutes les aides aux logements 2024 (Achat, Location et R\u00e9novation) a \u00e9t\u00e9 mise \u00e0 jour : <a href=\"https:\/\/u14208460.ct.sendgrid.net\/ls\/click?upn=ZZSnkWjx6p1XqTKq9d5vv9doWwcKYftWs4uJNulX0a6To-2BUkB-2Bl1XgJNk0popuglv6cD_UPsFyd5bjYcLirn2U8i48F-2BwLhNF6o-2FXUKuaL6kqsX-2FEoWwlLDotmsw0BuynpZhxlTB3952bPxYkrovQF8oazdCS-2FwO2OizT-2B8jJICjq1MaMNS-2Fvid5KshET8zCk0Q-2FcWj1LJoIej0wvToAO4Nc2n71I9MQZszzo5GOa7J2gmWX7lpI8ks-2Fqnhkft5wSg7iGHqXV9zBCqm9ZQ6YknS62B8dguHvbWDpyVQg2b-2Fmo5oFMJJgCv1nD-2BaOy9tjdW15m9-2FZdwu3iekTfNc1o2GS3u9YvsP8ZmtXIjepawsBFnn7odhG13Ftm5yEggpo8UockFbjvuZI-2Fd55aSmRX6RE85wN-2F24yo2og-2BZRp0ZuzY-2BhspzI9IteP-2BNubjKbPg4m74e-2BQSXkQ51-2F3-2FEGaL0cvK59CGXPJ7XEky1VGCmaOXX8-2F1WXzx-2FAk1WSnYffGlD3S5b2yvE5P3MSGXnA-2FBJy6-2FZb-2BIEfFj0rjNG40zVnKEapvk1gDowFlTCYWMrPENKbE0JX8ugUJeiWIt3C59ygeFplfq6473rjX8gJAqBzy-2BY-2BuSRCfJlv5qZ32ULio8TkqhzaPnO7uLIZWd4tHRAIAU4zWo94sUsmOw5OVgZcN9qgCQ2pVPe10NBkZZD079kuvUcagTjcDjQimCPZOb032g-2FM8z1eT01r5fZ127HsdrIZDzcATTo7-2BqwwlZMPK8gYhcLGWVLYEL0ptutf2NYAWZxAfVJA8tCJk0CX6hINiFWDhjBWUEf0FfD9jbFaWpa9vPC3SsKf8y3ZhOc2SF3TDcoVALXc4RiJQBZ5P8h-2FB3rAPp2AVSnrshI1TLvKtj1gTEnZPu4p6-2FJKLBvJ5JJnvgRb-2F-2BxBk0iloMI56sGh6KobiTDwhH53074lXZsxp244NBNPhNJP4QNfE36GmkMJLl0lVFdbDgP2FZjBpzDqQPbYa269i0ZVzNSBozfblTBvlu-2BuvhYR91dQEYBgCBqCU0WjWZWG2hUkBxWU-2FEi-2BxYfkNw3n1-2FYW-2Bql7t623YAYaEe\">https:\/\/comparateur-ade.com<\/a><br><\/p>\n\n\n\n<h3 class=\"wp-block-heading\">Commune d\u00e9l\u00e9gu\u00e9e de B\u00e9on<\/h3>\n\n\n\n<h4 class=\"wp-block-heading\">Location d&rsquo;appartements communaux<\/h4>\n\n\n\n<h4 class=\"wp-block-heading\">L\u2019immobilier locatif de la commune<\/h4>\n\n\n\n<p>La commune de BEON est propri\u00e9taire de plusieurs biens immobiliers locatifs constitu\u00e9s d\u2019appartements.<\/p>\n\n\n\n<ul>\n<li>1 logement de type T1 situ\u00e9 dans le b\u00e2timent de l\u2019ancienne Mairie (cet appartement a \u00e9t\u00e9 enti\u00e8rement remis \u00e0 neuf en 2013 et am\u00e9nag\u00e9 en portant un soin particulier \u00e0 l\u2019isolation)<\/li>\n\n\n\n<li>1 logement de type T2 situ\u00e9 dans l\u2019ancien presbyt\u00e8re<\/li>\n\n\n\n<li>2 logements de type T3 situ\u00e9s dans le b\u00e2timent de l\u2019ancienne Mairie<\/li>\n\n\n\n<li>1 logement de type T4 situ\u00e9 dans l\u2019ancien presbyt\u00e8re<\/li>\n<\/ul>\n\n\n\n<p>Plus de renseignements au 04 79 87 04 33 &#8211; m&#97;&#105;&#x72;&#x69;e&#64;&#99;&#x75;&#x6c;&#x6f;z&#45;&#98;&#x65;&#x6f;n&#46;&#102;&#x72;<\/p>\n\n\n\n<p><\/p>\n\n\n\n<h2 class=\"wp-block-heading\">Logements sociaux<\/h2>\n\n\n\n<h3 class=\"wp-block-heading\">Commune d\u00e9l\u00e9gu\u00e9e de Culoz<\/h3>\n\n\n\n<p>Deux bailleurs sociaux existent sur la commune d\u00e9l\u00e9gu\u00e9e de Culoz<\/p>\n\n\n\n<p>Il s&rsquo;agit de DYNACITE et SEMCODA<\/p>\n\n\n\n<p>Vous pouvez t\u00e9l\u00e9charger le document de demande de logements sociaux ci-apr\u00e8s et le retourner \u00e0 la mairie d\u00e9l\u00e9gu\u00e9e de Culoz par courrier postal (MAIRIE CULOZ-BEON commune d\u00e9l\u00e9gu\u00e9e de Culoz &#8211; 46 rue de la Mairie &#8211; CULOZ &#8211; 01350 CULOZ-BEON), ou en le d\u00e9posant \u00e0 l&rsquo;accueil de la mairie.<\/p>\n\n\n\n<p><\/p>\n\n\n\n<div data-wp-interactive=\"\" class=\"wp-block-file\"><object data-wp-bind--hidden=\"!selectors.core.file.hasPdfPreview\" hidden class=\"wp-block-file__embed\" data=\"https:\/\/culoz-beon.fr\/wp-content\/uploads\/2025\/06\/cerfa_14069-05-logement-social.pdf\" type=\"application\/pdf\" style=\"width:100%;height:600px\" aria-label=\"Contenu embarqu\u00e9 cerfa_14069-05-logement-social.\"><\/object><a id=\"wp-block-file--media-139bbdfa-a240-40b2-b856-d8696ef1827f\" href=\"https:\/\/culoz-beon.fr\/wp-content\/uploads\/2025\/06\/cerfa_14069-05-logement-social.pdf\">cerfa_14069-05-logement-social<\/a><a href=\"https:\/\/culoz-beon.fr\/wp-content\/uploads\/2025\/06\/cerfa_14069-05-logement-social.pdf\" class=\"wp-block-file__button wp-element-button\" download aria-describedby=\"wp-block-file--media-139bbdfa-a240-40b2-b856-d8696ef1827f\">T\u00e9l\u00e9charger<\/a><\/div>\n<style class=\"advgb-styles-renderer\">#advgb-cols-e6b8710c-79f7-4dee-9040-2a90686fc60c{padding-top:5px;padding-right:5px;padding-bottom:5px;padding-left:5px;}@media screen and (max-width: 1023px) {#advgb-cols-e6b8710c-79f7-4dee-9040-2a90686fc60c{}}@media screen and (max-width: 767px) {#advgb-cols-e6b8710c-79f7-4dee-9040-2a90686fc60c{}}#advgb-col-beb37be1-b149-40a2-a754-86f52b9b5a5b>.advgb-column-inner{padding-top:5px;padding-right:5px;padding-bottom:5px;padding-left:5px;}@media screen and (max-width: 1023px) {#advgb-col-beb37be1-b149-40a2-a754-86f52b9b5a5b>.advgb-column-inner{}}@media screen and (max-width: 767px) {#advgb-col-beb37be1-b149-40a2-a754-86f52b9b5a5b>.advgb-column-inner{}}#advgb-col-8bd111ad-c7d2-44ac-aa8e-afd7227e22fd>.advgb-column-inner{padding-top:5px;padding-right:5px;padding-bottom:5px;padding-left:5px;}@media screen and (max-width: 1023px) {#advgb-col-8bd111ad-c7d2-44ac-aa8e-afd7227e22fd>.advgb-column-inner{}}@media screen and (max-width: 767px) {#advgb-col-8bd111ad-c7d2-44ac-aa8e-afd7227e22fd>.advgb-column-inner{}}#advgb-cols-a5a66811-e36e-41ba-8ff6-e80deb204df9{}@media screen and (max-width: 1023px) {#advgb-cols-a5a66811-e36e-41ba-8ff6-e80deb204df9{}}@media screen and (max-width: 767px) {#advgb-cols-a5a66811-e36e-41ba-8ff6-e80deb204df9{}}#advgb-col-9493d195-6c09-4fc9-9acd-d0b4a552faa4>.advgb-column-inner{padding-top:5px;padding-right:5px;padding-bottom:5px;padding-left:5px;}@media screen and (max-width: 1023px) {#advgb-col-9493d195-6c09-4fc9-9acd-d0b4a552faa4>.advgb-column-inner{}}@media screen and (max-width: 767px) {#advgb-col-9493d195-6c09-4fc9-9acd-d0b4a552faa4>.advgb-column-inner{}}#advgb-col-b12b710e-2408-421f-886c-a815975a528b>.advgb-column-inner{padding-top:5px;padding-right:5px;padding-bottom:5px;padding-left:5px;}@media screen and (max-width: 1023px) {#advgb-col-b12b710e-2408-421f-886c-a815975a528b>.advgb-column-inner{}}@media screen and (max-width: 767px) {#advgb-col-b12b710e-2408-421f-886c-a815975a528b>.advgb-column-inner{}}#advgb-cols-47c5c548-e0f3-4f64-bbe9-c3c035fc685f{}@media screen and (max-width: 1023px) {#advgb-cols-47c5c548-e0f3-4f64-bbe9-c3c035fc685f{}}@media screen and (max-width: 767px) {#advgb-cols-47c5c548-e0f3-4f64-bbe9-c3c035fc685f{}}#advgb-col-0e748794-9efe-4bf1-a346-dc987ab86aab>.advgb-column-inner{padding-top:5px;padding-right:5px;padding-bottom:5px;padding-left:5px;}@media screen and (max-width: 1023px) {#advgb-col-0e748794-9efe-4bf1-a346-dc987ab86aab>.advgb-column-inner{}}@media screen and (max-width: 767px) {#advgb-col-0e748794-9efe-4bf1-a346-dc987ab86aab>.advgb-column-inner{}}#advgb-col-d8077d50-400e-404e-9e71-8fc1c074bcfc>.advgb-column-inner{padding-top:5px;padding-right:5px;padding-bottom:5px;padding-left:5px;}@media screen and (max-width: 1023px) {#advgb-col-d8077d50-400e-404e-9e71-8fc1c074bcfc>.advgb-column-inner{}}@media screen and (max-width: 767px) {#advgb-col-d8077d50-400e-404e-9e71-8fc1c074bcfc>.advgb-column-inner{}}<\/style>","protected":false},"excerpt":{"rendered":"<p>Organismes et logements sociaux Logements Pour aider les habitants de la commune, la page de toutes les aides aux logements 2024 (Achat, Location et R\u00e9novation) a \u00e9t\u00e9 mise \u00e0 jour : https:\/\/comparateur-ade.com Commune d\u00e9l\u00e9gu\u00e9e de B\u00e9on Location d&rsquo;appartements communaux L\u2019immobilier locatif de la commune La commune de BEON est propri\u00e9taire de plusieurs biens immobiliers locatifs [&hellip;]<\/p>\n","protected":false},"author":1,"featured_media":0,"parent":0,"menu_order":0,"comment_status":"closed","ping_status":"closed","template":"","meta":{"advgb_blocks_editor_width":"","advgb_blocks_columns_visual_guide":"","footnotes":""},"coauthors":[],"author_meta":{"author_link":"https:\/\/culoz-beon.fr\/?author=1","display_name":"culozfreyoculoz"},"relative_dates":{"created":"Publi\u00e9 6 ans il y a","modified":"Mis \u00e0 jour 10 mois il y a"},"absolute_dates":{"created":"Publi\u00e9 le 24 mars 2020","modified":"Mise \u00e0 jour le 26 juin 2025"},"absolute_dates_time":{"created":"Publi\u00e9 le 24 mars 2020 15 h 00 min","modified":"Mise \u00e0 jour le 26 juin 2025 9 h 18 min"},"featured_img_caption":"","featured_img":false,"series_order":"","_links":{"self":[{"href":"https:\/\/culoz-beon.fr\/index.php?rest_route=\/wp\/v2\/pages\/2767"}],"collection":[{"href":"https:\/\/culoz-beon.fr\/index.php?rest_route=\/wp\/v2\/pages"}],"about":[{"href":"https:\/\/culoz-beon.fr\/index.php?rest_route=\/wp\/v2\/types\/page"}],"author":[{"embeddable":true,"href":"https:\/\/culoz-beon.fr\/index.php?rest_route=\/wp\/v2\/users\/1"}],"replies":[{"embeddable":true,"href":"https:\/\/culoz-beon.fr\/index.php?rest_route=%2Fwp%2Fv2%2Fcomments&post=2767"}],"version-history":[{"count":55,"href":"https:\/\/culoz-beon.fr\/index.php?rest_route=\/wp\/v2\/pages\/2767\/revisions"}],"predecessor-version":[{"id":8952,"href":"https:\/\/culoz-beon.fr\/index.php?rest_route=\/wp\/v2\/pages\/2767\/revisions\/8952"}],"wp:attachment":[{"href":"https:\/\/culoz-beon.fr\/index.php?rest_route=%2Fwp%2Fv2%2Fmedia&parent=2767"}],"curies":[{"name":"wp","href":"https:\/\/api.w.org\/{rel}","templated":true}]}}