{"id":1399,"date":"2019-10-15T12:00:18","date_gmt":"2019-10-15T10:00:18","guid":{"rendered":"http:\/\/culoz.fr\/dvlpt\/?page_id=1399"},"modified":"2023-01-17T13:43:58","modified_gmt":"2023-01-17T12:43:58","slug":"contact","status":"publish","type":"page","link":"https:\/\/culoz-beon.fr\/?page_id=1399","title":{"rendered":"Contact"},"content":{"rendered":"\n<section class=\"wp-block-uagb-columns uagb-columns__wrap uagb-columns__background-undefined uagb-columns__stack-mobile uagb-columns__valign-undefined uagb-columns__gap-20 alignundefined uagb-block-9403a924\" id=\"uagb-columns-1e7bad9c-40cd-447c-9f48-a36ec4056afe\"><div class=\"uagb-columns__overlay\"><\/div><div class=\"uagb-columns__inner-wrap uagb-columns__columns-2\">\n\n<div class=\"wp-block-uagb-column uagb-column__wrap uagb-column__background-undefined uagb-block-0f3fe131\"><div class=\"uagb-column__overlay\"><\/div><div class=\"uagb-column__inner-wrap\">\n\n<div class=\"wpcf7 no-js\" id=\"wpcf7-f596-o1\" lang=\"fr-FR\" dir=\"ltr\">\n<div class=\"screen-reader-response\"><p role=\"status\" aria-live=\"polite\" aria-atomic=\"true\"><\/p> <ul><\/ul><\/div>\n<form action=\"\/index.php?rest_route=%2Fwp%2Fv2%2Fpages%2F1399#wpcf7-f596-o1\" method=\"post\" class=\"wpcf7-form init\" aria-label=\"Formulaire de contact\" enctype=\"multipart\/form-data\" novalidate=\"novalidate\" data-status=\"init\">\n<div style=\"display: none;\">\n<input type=\"hidden\" name=\"_wpcf7\" value=\"596\" \/>\n<input type=\"hidden\" name=\"_wpcf7_version\" value=\"5.9.3\" \/>\n<input type=\"hidden\" name=\"_wpcf7_locale\" value=\"fr_FR\" \/>\n<input type=\"hidden\" name=\"_wpcf7_unit_tag\" value=\"wpcf7-f596-o1\" \/>\n<input type=\"hidden\" name=\"_wpcf7_container_post\" value=\"0\" \/>\n<input type=\"hidden\" name=\"_wpcf7_posted_data_hash\" value=\"\" \/>\n<input type=\"hidden\" name=\"_wpcf7_recaptcha_response\" value=\"\" \/>\n<\/div>\n<p><label> Votre nom (obligatoire)<br \/>\n<span class=\"wpcf7-form-control-wrap\" data-name=\"your-name-accueil\"><input size=\"40\" class=\"wpcf7-form-control wpcf7-text wpcf7-validates-as-required\" aria-required=\"true\" aria-invalid=\"false\" value=\"\" type=\"text\" name=\"your-name-accueil\" \/><\/span> <\/label>\n<\/p>\n<p><label> Votre adresse de messagerie (obligatoire)<br \/>\n<span class=\"wpcf7-form-control-wrap\" data-name=\"your-email-accueil\"><input size=\"40\" class=\"wpcf7-form-control wpcf7-email wpcf7-validates-as-required wpcf7-text wpcf7-validates-as-email\" aria-required=\"true\" aria-invalid=\"false\" value=\"\" type=\"email\" name=\"your-email-accueil\" \/><\/span> <\/label>\n<\/p>\n<p><label> Objet de votre demande (facultatif)<br \/>\n<span class=\"wpcf7-form-control-wrap\" data-name=\"your-subject-accueil\"><input size=\"40\" class=\"wpcf7-form-control wpcf7-text\" aria-invalid=\"false\" value=\"\" type=\"text\" name=\"your-subject-accueil\" \/><\/span> <\/label>\n<\/p>\n<p><label> Votre message (obligatoire)<br \/>\n<span class=\"wpcf7-form-control-wrap\" data-name=\"your-message-accueil\"><textarea cols=\"40\" rows=\"10\" class=\"wpcf7-form-control wpcf7-textarea wpcf7-validates-as-required\" aria-required=\"true\" aria-invalid=\"false\" name=\"your-message-accueil\"><\/textarea><\/span> <\/label>\n<\/p>\n<p><label> Fichier joint \u00e0 votre demande (facultatif)<br \/>\n<span class=\"wpcf7-form-control-wrap\" data-name=\"your-file-accueil\"><input size=\"40\" class=\"wpcf7-form-control wpcf7-file\" accept=\".pdf,.jpg,.jpeg,.png,.doc,.docx,.odt\" aria-invalid=\"false\" type=\"file\" name=\"your-file-accueil\" \/><\/span> <\/label>\n<\/p>\n<p><span class=\"wpcf7-form-control-wrap\" data-name=\"accept-event\"><span class=\"wpcf7-form-control wpcf7-acceptance\"><span class=\"wpcf7-list-item\"><label><input type=\"checkbox\" name=\"accept-event\" value=\"1\" aria-invalid=\"false\" \/><span class=\"wpcf7-list-item-label\">J'accepte que les informations renseign\u00e9es dans ce formulaire soient utilis\u00e9es par la mairie de Culoz pour r\u00e9pondre \u00e0 ma demande conform\u00e9ment aux r\u00e8glements en vigueur.<\/span><\/label><\/span><\/span><\/span>\n<\/p>\n<p><input class=\"wpcf7-form-control wpcf7-submit has-spinner\" type=\"submit\" value=\"Envoyer\" \/>\n<\/p><div class=\"wpcf7-response-output\" aria-hidden=\"true\"><\/div>\n<\/form>\n<\/div>\n\n\n<\/div><\/div>\n\n\n<div class=\"wp-block-uagb-column uagb-column__wrap uagb-column__background-undefined uagb-block-49f52abc\"><div class=\"uagb-column__overlay\"><\/div><div class=\"uagb-column__inner-wrap\">\n\n<p class=\"has-text-align-left\">Vous pouvez utiliser le formulaire ci contre pour nous contacter ou nous joindre par t\u00e9l\u00e9phone au 04 79 87 00 29, aux horaires d&rsquo;ouverture de la mairie :<\/p>\n\n\n<div class=\"wp-block-advgb-list\"><ul class=\"advgblist-40935b57-bca6-4f4e-b7ae-9e84bc6f13c1 advgb-list advgb-list-info\"><li> <strong>Lundi<\/strong> : 9h &#8211; 12h et 14h &#8211; 17h<\/li><li><strong>Mardi<\/strong> : 9h &#8211; 12h et 14h &#8211; 17h30<\/li><li><strong>Mercredi<\/strong> : 9h &#8211; 12h <\/li><li><strong>Jeudi<\/strong> : 9h &#8211; 12h et 14h &#8211; 17h30 <\/li><li><strong>Vendredi<\/strong> : 9h &#8211; 12h et 14h &#8211; 17h   <\/li><\/ul><\/div>\n\n<\/div><\/div>\n\n<\/div><\/section>\n<style class=\"advgb-styles-renderer\">.wp-block-advgb-list ul.advgblist-40935b57-bca6-4f4e-b7ae-9e84bc6f13c1 > li{font-size:16px;}.wp-block-advgb-list ul.advgblist-40935b57-bca6-4f4e-b7ae-9e84bc6f13c1 > li{padding-left:18px;margin-left:0;}.wp-block-advgb-list ul.advgblist-40935b57-bca6-4f4e-b7ae-9e84bc6f13c1 > li:before{font-size:16px;color:#336799;line-height:18px;margin:2px;padding:2px;margin-left:-20px}<\/style>","protected":false},"excerpt":{"rendered":"","protected":false},"author":1,"featured_media":0,"parent":0,"menu_order":0,"comment_status":"closed","ping_status":"closed","template":"","meta":{"advgb_blocks_editor_width":"","advgb_blocks_columns_visual_guide":"","footnotes":""},"coauthors":[],"author_meta":{"author_link":"https:\/\/culoz-beon.fr\/?author=1","display_name":"culozfreyoculoz"},"relative_dates":{"created":"Publi\u00e9 7 ans il y a","modified":"Mis \u00e0 jour 3 ans il y a"},"absolute_dates":{"created":"Publi\u00e9 le 15 octobre 2019","modified":"Mise \u00e0 jour le 17 janvier 2023"},"absolute_dates_time":{"created":"Publi\u00e9 le 15 octobre 2019 12 h 00 min","modified":"Mise \u00e0 jour le 17 janvier 2023 13 h 43 min"},"featured_img_caption":"","featured_img":false,"series_order":"","_links":{"self":[{"href":"https:\/\/culoz-beon.fr\/index.php?rest_route=\/wp\/v2\/pages\/1399"}],"collection":[{"href":"https:\/\/culoz-beon.fr\/index.php?rest_route=\/wp\/v2\/pages"}],"about":[{"href":"https:\/\/culoz-beon.fr\/index.php?rest_route=\/wp\/v2\/types\/page"}],"author":[{"embeddable":true,"href":"https:\/\/culoz-beon.fr\/index.php?rest_route=\/wp\/v2\/users\/1"}],"replies":[{"embeddable":true,"href":"https:\/\/culoz-beon.fr\/index.php?rest_route=%2Fwp%2Fv2%2Fcomments&post=1399"}],"version-history":[{"count":15,"href":"https:\/\/culoz-beon.fr\/index.php?rest_route=\/wp\/v2\/pages\/1399\/revisions"}],"predecessor-version":[{"id":6181,"href":"https:\/\/culoz-beon.fr\/index.php?rest_route=\/wp\/v2\/pages\/1399\/revisions\/6181"}],"wp:attachment":[{"href":"https:\/\/culoz-beon.fr\/index.php?rest_route=%2Fwp%2Fv2%2Fmedia&parent=1399"}],"curies":[{"name":"wp","href":"https:\/\/api.w.org\/{rel}","templated":true}]}}