{"id":1043,"date":"2019-07-19T18:26:01","date_gmt":"2019-07-19T16:26:01","guid":{"rendered":"http:\/\/culoz.fr\/dvlpt\/?page_id=1043"},"modified":"2025-03-14T16:22:16","modified_gmt":"2025-03-14T15:22:16","slug":"accueil","status":"publish","type":"page","link":"https:\/\/culoz-beon.fr\/","title":{"rendered":"Bienvenue \u00e0 Culoz-B\u00e9on"},"content":{"rendered":"\n\n\n\n\n<p><\/p>\n\n\n\n<div class=\"wp-block-advgb-columns advgb-columns-wrapper\" id=\"advgb-cols-749e79de-6277-4e23-ad47-b196996b9faa\"><div class=\"advgb-columns-container\"><div class=\"advgb-columns advgb-columns-row advgb-is-mobile columns-valign-middle advgb-columns-3 layout-13-13-13 mbl-layout-stacked gutter-10 vgutter-10\">\n<div class=\"wp-block-advgb-column advgb-column advgb-is-one-third-tablet advgb-is-full-mobile\" id=\"advgb-col-a3ec77be-7c0a-41a4-8ba6-1e486e697cce\"><div class=\"advgb-column-inner\" style=\"border-style:solid;border-color:#0071a1;border-width:1px;border-radius:10px\">\n<h3 class=\"wp-block-heading has-text-align-center\"><a href=\"https:\/\/app.synbird.com\/p\/1454\">Prenez rendez-vous en ligne pour vos titres d&rsquo;identit\u00e9<\/a><\/h3>\n\n\n\n<figure class=\"wp-block-image size-large\"><a href=\"https:\/\/app.synbird.com\/p\/1454\"><img loading=\"lazy\" decoding=\"async\" width=\"880\" height=\"400\" src=\"https:\/\/culoz-beon.fr\/wp-content\/uploads\/2024\/03\/CNI-passeport-1.jpg\" alt=\"\" class=\"wp-image-7687\" srcset=\"https:\/\/culoz-beon.fr\/wp-content\/uploads\/2024\/03\/CNI-passeport-1.jpg 880w, https:\/\/culoz-beon.fr\/wp-content\/uploads\/2024\/03\/CNI-passeport-1-300x136.jpg 300w, https:\/\/culoz-beon.fr\/wp-content\/uploads\/2024\/03\/CNI-passeport-1-768x349.jpg 768w, https:\/\/culoz-beon.fr\/wp-content\/uploads\/2024\/03\/CNI-passeport-1-517x235.jpg 517w, https:\/\/culoz-beon.fr\/wp-content\/uploads\/2024\/03\/CNI-passeport-1-24x11.jpg 24w, https:\/\/culoz-beon.fr\/wp-content\/uploads\/2024\/03\/CNI-passeport-1-36x16.jpg 36w, https:\/\/culoz-beon.fr\/wp-content\/uploads\/2024\/03\/CNI-passeport-1-48x22.jpg 48w\" sizes=\"(max-width: 880px) 100vw, 880px\" \/><\/a><\/figure>\n\n\n\n<p><\/p>\n<\/div><\/div>\n\n\n\n<div class=\"wp-block-advgb-column advgb-column advgb-is-one-third-tablet advgb-is-full-mobile\" id=\"advgb-col-b913735f-c057-4976-930a-a92c4673bf40\"><div class=\"advgb-column-inner\" style=\"border-style:solid;border-color:#0071a1;border-width:1px;border-radius:10px\">\n<h3 class=\"wp-block-heading has-text-align-center\"><a href=\"https:\/\/culoz-beon.fr\/?page_id=848\" data-type=\"page\" data-id=\"848\">Consultez les PLU de Culoz et B\u00e9on<\/a><\/h3>\n\n\n\n<figure class=\"wp-block-image size-large\"><a href=\"https:\/\/culoz-beon.fr\/?page_id=848\"><img loading=\"lazy\" decoding=\"async\" width=\"768\" height=\"430\" src=\"https:\/\/culoz-beon.fr\/wp-content\/uploads\/2024\/03\/csm_plan-local-urabnisme_6ac860dd26-1.jpg\" alt=\"\" class=\"wp-image-7753\" srcset=\"https:\/\/culoz-beon.fr\/wp-content\/uploads\/2024\/03\/csm_plan-local-urabnisme_6ac860dd26-1.jpg 768w, https:\/\/culoz-beon.fr\/wp-content\/uploads\/2024\/03\/csm_plan-local-urabnisme_6ac860dd26-1-300x168.jpg 300w, https:\/\/culoz-beon.fr\/wp-content\/uploads\/2024\/03\/csm_plan-local-urabnisme_6ac860dd26-1-528x297.jpg 528w, https:\/\/culoz-beon.fr\/wp-content\/uploads\/2024\/03\/csm_plan-local-urabnisme_6ac860dd26-1-24x13.jpg 24w, https:\/\/culoz-beon.fr\/wp-content\/uploads\/2024\/03\/csm_plan-local-urabnisme_6ac860dd26-1-36x20.jpg 36w, https:\/\/culoz-beon.fr\/wp-content\/uploads\/2024\/03\/csm_plan-local-urabnisme_6ac860dd26-1-48x27.jpg 48w\" sizes=\"(max-width: 768px) 100vw, 768px\" \/><\/a><\/figure>\n<\/div><\/div>\n\n\n\n<div class=\"wp-block-advgb-column advgb-column advgb-is-one-third-tablet advgb-is-full-mobile\" id=\"advgb-col-7d4010a4-b778-4845-b763-494fd613a07a\"><div class=\"advgb-column-inner\" style=\"border-style:solid;border-color:#0071a1;border-width:1px;border-radius:10px\">\n<h3 class=\"wp-block-heading has-text-align-center\"><a href=\"https:\/\/culoz-beon.fr\/?page_id=4211\" data-type=\"page\" data-id=\"4211\">Nouveaux arrivants<\/a><\/h3>\n\n\n\n<figure class=\"wp-block-image size-medium is-resized\"><a href=\"https:\/\/culoz-beon.fr\/?page_id=4211\"><img loading=\"lazy\" decoding=\"async\" width=\"300\" height=\"300\" src=\"https:\/\/culoz-beon.fr\/wp-content\/uploads\/2024\/03\/Wavy_REst-01_Single-10-300x300.jpg\" alt=\"\" class=\"wp-image-7768\" style=\"width:225px;height:225px\" srcset=\"https:\/\/culoz-beon.fr\/wp-content\/uploads\/2024\/03\/Wavy_REst-01_Single-10-300x300.jpg 300w, https:\/\/culoz-beon.fr\/wp-content\/uploads\/2024\/03\/Wavy_REst-01_Single-10-1024x1024.jpg 1024w, https:\/\/culoz-beon.fr\/wp-content\/uploads\/2024\/03\/Wavy_REst-01_Single-10-150x150.jpg 150w, https:\/\/culoz-beon.fr\/wp-content\/uploads\/2024\/03\/Wavy_REst-01_Single-10-768x768.jpg 768w, https:\/\/culoz-beon.fr\/wp-content\/uploads\/2024\/03\/Wavy_REst-01_Single-10-1536x1536.jpg 1536w, https:\/\/culoz-beon.fr\/wp-content\/uploads\/2024\/03\/Wavy_REst-01_Single-10-2048x2048.jpg 2048w, https:\/\/culoz-beon.fr\/wp-content\/uploads\/2024\/03\/Wavy_REst-01_Single-10-510x510.jpg 510w, https:\/\/culoz-beon.fr\/wp-content\/uploads\/2024\/03\/Wavy_REst-01_Single-10-24x24.jpg 24w, https:\/\/culoz-beon.fr\/wp-content\/uploads\/2024\/03\/Wavy_REst-01_Single-10-36x36.jpg 36w, https:\/\/culoz-beon.fr\/wp-content\/uploads\/2024\/03\/Wavy_REst-01_Single-10-48x48.jpg 48w\" sizes=\"(max-width: 300px) 100vw, 300px\" \/><\/a><\/figure>\n<\/div><\/div>\n<\/div><\/div><\/div>\n\n\n\n<p><\/p>\n\n\n\n<p><\/p>\n\n\n\n<p><\/p>\n\n\n\n<p><\/p>\n\n\n\n<h2 class=\"wp-block-heading has-white-color has-vivid-cyan-blue-background-color has-text-color has-background has-link-color has-large-font-size wp-elements-76e25274fbcfb0ab8df72a76debf212a\" style=\"font-style:normal;font-weight:800;text-transform:uppercase\"><strong>Les actualit\u00e9s<\/strong><\/h2>\n\n\n\n<p><\/p>\n\n\n<ul class=\"wp-block-latest-posts__list is-grid columns-5 wp-block-latest-posts\"><li><div class=\"wp-block-latest-posts__featured-image aligncenter\"><img loading=\"lazy\" decoding=\"async\" width=\"650\" height=\"919\" src=\"https:\/\/culoz-beon.fr\/wp-content\/uploads\/2026\/04\/scan05904020260408075913.jpg\" class=\"attachment-large size-large wp-post-image\" alt=\"\" style=\"\" srcset=\"https:\/\/culoz-beon.fr\/wp-content\/uploads\/2026\/04\/scan05904020260408075913.jpg 650w, https:\/\/culoz-beon.fr\/wp-content\/uploads\/2026\/04\/scan05904020260408075913-212x300.jpg 212w, https:\/\/culoz-beon.fr\/wp-content\/uploads\/2026\/04\/scan05904020260408075913-17x24.jpg 17w, https:\/\/culoz-beon.fr\/wp-content\/uploads\/2026\/04\/scan05904020260408075913-25x36.jpg 25w, https:\/\/culoz-beon.fr\/wp-content\/uploads\/2026\/04\/scan05904020260408075913-34x48.jpg 34w\" sizes=\"(max-width: 650px) 100vw, 650px\" \/><\/div><a class=\"wp-block-latest-posts__post-title\" href=\"https:\/\/culoz-beon.fr\/?p=10031\">Caf\u00e9 tricot salle des associations de B\u00e9on<\/a><\/li>\n<li><div class=\"wp-block-latest-posts__featured-image aligncenter\"><img loading=\"lazy\" decoding=\"async\" width=\"650\" height=\"866\" src=\"https:\/\/culoz-beon.fr\/wp-content\/uploads\/2026\/04\/ouverture-photographe.png\" class=\"attachment-large size-large wp-post-image\" alt=\"\" style=\"\" srcset=\"https:\/\/culoz-beon.fr\/wp-content\/uploads\/2026\/04\/ouverture-photographe.png 650w, https:\/\/culoz-beon.fr\/wp-content\/uploads\/2026\/04\/ouverture-photographe-225x300.png 225w, https:\/\/culoz-beon.fr\/wp-content\/uploads\/2026\/04\/ouverture-photographe-18x24.png 18w, https:\/\/culoz-beon.fr\/wp-content\/uploads\/2026\/04\/ouverture-photographe-27x36.png 27w, https:\/\/culoz-beon.fr\/wp-content\/uploads\/2026\/04\/ouverture-photographe-36x48.png 36w\" sizes=\"(max-width: 650px) 100vw, 650px\" \/><\/div><a class=\"wp-block-latest-posts__post-title\" href=\"https:\/\/culoz-beon.fr\/?p=10014\">Ouverture d\u2019un nouveau commerce<\/a><\/li>\n<li><div class=\"wp-block-latest-posts__featured-image aligncenter\"><img loading=\"lazy\" decoding=\"async\" width=\"725\" height=\"1024\" src=\"https:\/\/culoz-beon.fr\/wp-content\/uploads\/2026\/04\/Convocation-conseil-municipal-07-04-2026-725x1024.jpg\" class=\"attachment-large size-large wp-post-image\" alt=\"\" style=\"\" srcset=\"https:\/\/culoz-beon.fr\/wp-content\/uploads\/2026\/04\/Convocation-conseil-municipal-07-04-2026-725x1024.jpg 725w, https:\/\/culoz-beon.fr\/wp-content\/uploads\/2026\/04\/Convocation-conseil-municipal-07-04-2026-212x300.jpg 212w, https:\/\/culoz-beon.fr\/wp-content\/uploads\/2026\/04\/Convocation-conseil-municipal-07-04-2026-768x1085.jpg 768w, https:\/\/culoz-beon.fr\/wp-content\/uploads\/2026\/04\/Convocation-conseil-municipal-07-04-2026-17x24.jpg 17w, https:\/\/culoz-beon.fr\/wp-content\/uploads\/2026\/04\/Convocation-conseil-municipal-07-04-2026-25x36.jpg 25w, https:\/\/culoz-beon.fr\/wp-content\/uploads\/2026\/04\/Convocation-conseil-municipal-07-04-2026-34x48.jpg 34w, https:\/\/culoz-beon.fr\/wp-content\/uploads\/2026\/04\/Convocation-conseil-municipal-07-04-2026.jpg 900w\" sizes=\"(max-width: 725px) 100vw, 725px\" \/><\/div><a class=\"wp-block-latest-posts__post-title\" href=\"https:\/\/culoz-beon.fr\/?p=10011\">Prochaine s\u00e9ance du Conseil municipal le 7 avril \u00e0 19h<\/a><\/li>\n<li><div class=\"wp-block-latest-posts__featured-image aligncenter\"><img loading=\"lazy\" decoding=\"async\" width=\"140\" height=\"178\" src=\"https:\/\/culoz-beon.fr\/wp-content\/uploads\/2026\/03\/dep-ain.png\" class=\"attachment-large size-large wp-post-image\" alt=\"\" style=\"\" srcset=\"https:\/\/culoz-beon.fr\/wp-content\/uploads\/2026\/03\/dep-ain.png 140w, https:\/\/culoz-beon.fr\/wp-content\/uploads\/2026\/03\/dep-ain-19x24.png 19w, https:\/\/culoz-beon.fr\/wp-content\/uploads\/2026\/03\/dep-ain-28x36.png 28w, https:\/\/culoz-beon.fr\/wp-content\/uploads\/2026\/03\/dep-ain-38x48.png 38w\" sizes=\"(max-width: 140px) 100vw, 140px\" \/><\/div><a class=\"wp-block-latest-posts__post-title\" href=\"https:\/\/culoz-beon.fr\/?p=10000\">Prolongation de la fermeture des cols de la Biche et du Grand Colombier<\/a><\/li>\n<li><div class=\"wp-block-latest-posts__featured-image aligncenter\"><img loading=\"lazy\" decoding=\"async\" width=\"650\" height=\"919\" src=\"https:\/\/culoz-beon.fr\/wp-content\/uploads\/2026\/03\/Affiche_SOFA1.jpg\" class=\"attachment-large size-large wp-post-image\" alt=\"\" style=\"\" srcset=\"https:\/\/culoz-beon.fr\/wp-content\/uploads\/2026\/03\/Affiche_SOFA1.jpg 650w, https:\/\/culoz-beon.fr\/wp-content\/uploads\/2026\/03\/Affiche_SOFA1-212x300.jpg 212w, https:\/\/culoz-beon.fr\/wp-content\/uploads\/2026\/03\/Affiche_SOFA1-17x24.jpg 17w, https:\/\/culoz-beon.fr\/wp-content\/uploads\/2026\/03\/Affiche_SOFA1-25x36.jpg 25w, https:\/\/culoz-beon.fr\/wp-content\/uploads\/2026\/03\/Affiche_SOFA1-34x48.jpg 34w\" sizes=\"(max-width: 650px) 100vw, 650px\" \/><\/div><a class=\"wp-block-latest-posts__post-title\" href=\"https:\/\/culoz-beon.fr\/?p=9996\">SOFA, la nouvelle biblioth\u00e8que num\u00e9rique de l\u2019Ain !<\/a><\/li>\n<\/ul>\n\n\n<p class=\"has-text-align-right has-vivid-cyan-blue-color has-white-background-color has-text-color has-background has-link-color has-medium-font-size wp-elements-da0b512ac10e36cbe542b683622c79d2\"><a href=\"https:\/\/culoz-beon.fr\/?page_id=1427\" data-type=\"page\" data-id=\"1427\"><strong><span class=\"has-inline-color has-vivid-red-color\">Retrouvez toutes les actus en cliquant ici<\/span><\/strong><\/a><\/p>\n\n\n\n<p><\/p>\n\n\n\n<h4 class=\"wp-block-heading has-white-color has-vivid-cyan-blue-background-color has-text-color has-background has-link-color has-medium-font-size wp-elements-6fe9315864993b082528117b80100d52\">Nous rencontrer<\/h4>\n\n\n\n<div class=\"wp-block-advgb-columns advgb-columns-wrapper\" id=\"advgb-cols-3140c36c-6df6-45ed-8a2c-9acdfc5707c7\"><div class=\"advgb-columns-container\"><div class=\"advgb-columns advgb-columns-row advgb-is-mobile columns-valign-middle advgb-columns-2 layout-12-12 mbl-layout-stacked gutter-20 vgutter-10 columns-wrapped\">\n<div class=\"wp-block-advgb-column advgb-column advgb-is-half-tablet advgb-is-full-mobile\" id=\"advgb-col-52dd95c1-0c29-4fb8-aee2-d92ec8e8df33\"><div class=\"advgb-column-inner\" style=\"border-style:dotted;border-width:1px\">\n<h5 class=\"wp-block-heading\">La mairie de Culoz-B\u00e9on est ouverte (\u00e0 compter du 6 janvier 2025) :<\/h5>\n\n\n\n<p><strong>tous les matins du lundi au vendredi de 9h \u00e0 12h30 &nbsp; &nbsp;<\/strong><\/p>\n\n\n\n<p id=\"block-a04fee6b-d362-4b97-99ab-53d1f46af15f\">La mairie est joignable aux horaires d&rsquo;ouverture au <a href=\"tel:0479870029\">04.79.87.00.29<\/a>. Vous pouvez \u00e9galement nous contacter par mail \u00e0 mair&#105;&#101;&#64;&#99;&#117;&#x6c;&#x6f;&#x7a;&#x2d;&#x62;&#x65;&#x6f;n&#46;fr ou en cliquant sur nous contacter.<\/p>\n<\/div><\/div>\n\n\n\n<div class=\"wp-block-advgb-column advgb-column advgb-is-half-tablet advgb-is-full-mobile\" id=\"advgb-col-83cf4331-e0a1-4913-8b42-fdf927abb86b\"><div class=\"advgb-column-inner\" style=\"border-style:dotted;border-width:1px\">\n<h5 class=\"wp-block-heading\">La mairie d\u00e9l\u00e9gu\u00e9e de B\u00e9on est ouverte :<\/h5>\n\n\n\n<p><strong>Lundi<\/strong> : 13h45 &#8211; 17h45<\/p>\n\n\n\n<p><strong>Jeudi<\/strong> : 13h45 &#8211; 17h45<\/p>\n\n\n\n<p><\/p>\n\n\n\n<p>La mairie est joignable aux horaires d&rsquo;ouverture au <a href=\"tel:0479870029\">04.79.87.04 33<\/a>. Vous pouvez \u00e9galement nous contacter par mail \u00e0 m&#97;&#x69;&#x72;&#x69;e&#45;&#x61;&#x6e;&#x6e;e&#120;&#x65;&#x40;&#x63;u&#108;&#x6f;&#x7a;&#x2d;b&#101;&#x6f;&#x6e;&#x2e;f&#114;<\/p>\n<\/div><\/div>\n<\/div><\/div><\/div>\n\n\n\n<p><\/p>\n\n\n\n<div class=\"wp-block-advgb-button aligncenter\"><a class=\"wp-block-advgb-button_link advgbbtn-7d77e545-54ea-4011-836e-6959de011459\" href=\"https:\/\/culoz-beon.fr\/?page_id=1399\" target=\"_self\" rel=\"noopener noreferrer\"><span>Nous contacter<\/span><\/a><\/div>\n\n\n\n<p class=\"has-text-align-right has-small-font-size\"><a href=\"https:\/\/culoz-beon.fr\/?page_id=2350\/\">Mentions l\u00e9gales<\/a><\/p>\n<style class=\"advgb-styles-renderer\">#advgb-cols-749e79de-6277-4e23-ad47-b196996b9faa{}@media screen and (max-width: 1023px) {#advgb-cols-749e79de-6277-4e23-ad47-b196996b9faa{}}@media screen and (max-width: 767px) {#advgb-cols-749e79de-6277-4e23-ad47-b196996b9faa{}}#advgb-col-a3ec77be-7c0a-41a4-8ba6-1e486e697cce>.advgb-column-inner{padding-top:5px;padding-right:5px;padding-bottom:5px;padding-left:5px;}@media screen and (max-width: 1023px) {#advgb-col-a3ec77be-7c0a-41a4-8ba6-1e486e697cce>.advgb-column-inner{}}@media screen and (max-width: 767px) {#advgb-col-a3ec77be-7c0a-41a4-8ba6-1e486e697cce>.advgb-column-inner{}}#advgb-col-b913735f-c057-4976-930a-a92c4673bf40>.advgb-column-inner{padding-top:5px;padding-right:5px;padding-bottom:5px;padding-left:5px;}@media screen and (max-width: 1023px) {#advgb-col-b913735f-c057-4976-930a-a92c4673bf40>.advgb-column-inner{}}@media screen and (max-width: 767px) {#advgb-col-b913735f-c057-4976-930a-a92c4673bf40>.advgb-column-inner{}}#advgb-col-7d4010a4-b778-4845-b763-494fd613a07a>.advgb-column-inner{padding-top:5px;padding-right:5px;padding-bottom:5px;padding-left:5px;}@media screen and (max-width: 1023px) {#advgb-col-7d4010a4-b778-4845-b763-494fd613a07a>.advgb-column-inner{}}@media screen and (max-width: 767px) {#advgb-col-7d4010a4-b778-4845-b763-494fd613a07a>.advgb-column-inner{}}#advgb-cols-3140c36c-6df6-45ed-8a2c-9acdfc5707c7{}@media screen and (max-width: 1023px) {#advgb-cols-3140c36c-6df6-45ed-8a2c-9acdfc5707c7{}}@media screen and (max-width: 767px) {#advgb-cols-3140c36c-6df6-45ed-8a2c-9acdfc5707c7{}}#advgb-col-52dd95c1-0c29-4fb8-aee2-d92ec8e8df33>.advgb-column-inner{padding-top:5px;padding-right:5px;padding-bottom:5px;padding-left:5px;}@media screen and (max-width: 1023px) {#advgb-col-52dd95c1-0c29-4fb8-aee2-d92ec8e8df33>.advgb-column-inner{}}@media screen and (max-width: 767px) {#advgb-col-52dd95c1-0c29-4fb8-aee2-d92ec8e8df33>.advgb-column-inner{}}#advgb-col-83cf4331-e0a1-4913-8b42-fdf927abb86b>.advgb-column-inner{padding-top:5px;padding-right:5px;padding-bottom:5px;padding-left:5px;}@media screen and (max-width: 1023px) {#advgb-col-83cf4331-e0a1-4913-8b42-fdf927abb86b>.advgb-column-inner{}}@media screen and (max-width: 767px) {#advgb-col-83cf4331-e0a1-4913-8b42-fdf927abb86b>.advgb-column-inner{}}.advgbbtn-7d77e545-54ea-4011-836e-6959de011459{font-size:18px;color:#336799 !important;background-color:#ffffff !important;margin:0px 0px 0px 0px !important;padding:10px 30px 10px 30px;border-width:1px !important;border-color:#336799 !important;border-style:solid !important;border-radius:15px !important;}.advgbbtn-7d77e545-54ea-4011-836e-6959de011459:hover{color:#ffffff !important;background-color:#336799 !important;box-shadow:1px 1px 12px 0px #ccc;opacity:1;transition:all 0.2s ease;}.advgbbtn-7d77e545-54ea-4011-836e-6959de011459 > i {display: none !important;}<\/style>","protected":false},"excerpt":{"rendered":"<p>Les actualit\u00e9s Retrouvez toutes les actus en cliquant ici Nous rencontrer Mentions l\u00e9gales<\/p>\n","protected":false},"author":1,"featured_media":0,"parent":0,"menu_order":0,"comment_status":"closed","ping_status":"closed","template":"","meta":{"advgb_blocks_editor_width":"","advgb_blocks_columns_visual_guide":"","footnotes":""},"coauthors":[],"author_meta":{"author_link":"https:\/\/culoz-beon.fr\/?author=1","display_name":"culozfreyoculoz"},"relative_dates":{"created":"Publi\u00e9 7 ans il y a","modified":"Mis \u00e0 jour 1 an il y a"},"absolute_dates":{"created":"Publi\u00e9 le 19 juillet 2019","modified":"Mise \u00e0 jour le 14 mars 2025"},"absolute_dates_time":{"created":"Publi\u00e9 le 19 juillet 2019 18 h 26 min","modified":"Mise \u00e0 jour le 14 mars 2025 16 h 22 min"},"featured_img_caption":"","featured_img":false,"series_order":"","_links":{"self":[{"href":"https:\/\/culoz-beon.fr\/index.php?rest_route=\/wp\/v2\/pages\/1043"}],"collection":[{"href":"https:\/\/culoz-beon.fr\/index.php?rest_route=\/wp\/v2\/pages"}],"about":[{"href":"https:\/\/culoz-beon.fr\/index.php?rest_route=\/wp\/v2\/types\/page"}],"author":[{"embeddable":true,"href":"https:\/\/culoz-beon.fr\/index.php?rest_route=\/wp\/v2\/users\/1"}],"replies":[{"embeddable":true,"href":"https:\/\/culoz-beon.fr\/index.php?rest_route=%2Fwp%2Fv2%2Fcomments&post=1043"}],"version-history":[{"count":213,"href":"https:\/\/culoz-beon.fr\/index.php?rest_route=\/wp\/v2\/pages\/1043\/revisions"}],"predecessor-version":[{"id":8730,"href":"https:\/\/culoz-beon.fr\/index.php?rest_route=\/wp\/v2\/pages\/1043\/revisions\/8730"}],"wp:attachment":[{"href":"https:\/\/culoz-beon.fr\/index.php?rest_route=%2Fwp%2Fv2%2Fmedia&parent=1043"}],"curies":[{"name":"wp","href":"https:\/\/api.w.org\/{rel}","templated":true}]}}